CRAN Package Check Results for Package demoGraphic

Last updated on 2020-04-07 03:48:07 CEST.

Flavor Version Tinstall Tcheck Ttotal Status Flags
r-devel-linux-x86_64-debian-clang 0.1.0 2.29 22.35 24.64 NOTE
r-devel-linux-x86_64-debian-gcc 0.1.0 1.76 17.50 19.26 NOTE
r-devel-linux-x86_64-fedora-clang 0.1.0 30.12 NOTE
r-devel-linux-x86_64-fedora-gcc 0.1.0 29.56 NOTE
r-devel-windows-ix86+x86_64 0.1.0 7.00 37.00 44.00 OK
r-devel-windows-ix86+x86_64-gcc8 0.1.0 6.00 37.00 43.00 OK
r-patched-linux-x86_64 0.1.0 2.05 21.42 23.47 NOTE
r-patched-solaris-x86 0.1.0 47.00 NOTE
r-release-linux-x86_64 0.1.0 1.63 20.10 21.73 OK
r-release-windows-ix86+x86_64 0.1.0 4.00 50.00 54.00 OK
r-release-osx-x86_64 0.1.0 OK
r-oldrel-windows-ix86+x86_64 0.1.0 4.00 36.00 40.00 OK
r-oldrel-osx-x86_64 0.1.0 OK

Check Details

Version: 0.1.0
Check: for non-standard things in the check directory
Result: NOTE
    Found the following files/directories:
     'smd_table.docx'
Flavors: r-devel-linux-x86_64-debian-clang, r-devel-linux-x86_64-debian-gcc, r-devel-linux-x86_64-fedora-clang, r-devel-linux-x86_64-fedora-gcc, r-patched-linux-x86_64, r-patched-solaris-x86