CRAN Package Check Results for Package designmatch

Last updated on 2019-09-19 15:48:13 CEST.

Flavor Version Tinstall Tcheck Ttotal Status Flags
r-devel-linux-x86_64-debian-clang 0.3.1 4.48 44.52 49.00 NOTE
r-devel-linux-x86_64-debian-gcc 0.3.1 4.48 34.62 39.10 NOTE
r-devel-linux-x86_64-fedora-clang 0.3.1 59.16 NOTE
r-devel-linux-x86_64-fedora-gcc 0.3.1 59.91 NOTE
r-devel-windows-ix86+x86_64 0.3.1 16.00 58.00 74.00 NOTE
r-patched-linux-x86_64 0.3.1 3.96 43.43 47.39 NOTE
r-patched-solaris-x86 0.3.1 98.10 NOTE
r-release-linux-x86_64 0.3.1 5.47 44.07 49.54 NOTE
r-release-windows-ix86+x86_64 0.3.1 12.00 72.00 84.00 NOTE
r-release-osx-x86_64 0.3.1 NOTE
r-oldrel-windows-ix86+x86_64 0.3.1 8.00 81.00 89.00 NOTE
r-oldrel-osx-x86_64 0.3.1 NOTE

Check Details

Version: 0.3.1
Check: package dependencies
Result: NOTE
    Package which this enhances but not available for checking: 'gurobi'
Flavors: r-devel-linux-x86_64-debian-clang, r-devel-linux-x86_64-debian-gcc, r-patched-linux-x86_64, r-release-linux-x86_64

Version: 0.3.1
Check: package dependencies
Result: NOTE
    Packages which this enhances but not available for checking:
     'gurobi', 'Rcplex'
Flavors: r-devel-linux-x86_64-fedora-clang, r-devel-linux-x86_64-fedora-gcc, r-devel-windows-ix86+x86_64, r-release-windows-ix86+x86_64

Version: 0.3.1
Check: package dependencies
Result: NOTE
    Packages which this enhances but not available for checking:
     'gurobi', 'Rcplex', 'Rmosek', 'Rsymphony'
Flavor: r-patched-solaris-x86

Version: 0.3.1
Check: package dependencies
Result: NOTE
    Packages which this enhances but not available for checking:
     'gurobi', 'Rcplex', 'Rsymphony'
Flavor: r-release-osx-x86_64

Version: 0.3.1
Check: package dependencies
Result: NOTE
    Packages which this enhances but not available for checking:
     'gurobi' 'Rcplex'
Flavor: r-oldrel-windows-ix86+x86_64

Version: 0.3.1
Check: package dependencies
Result: NOTE
    Packages which this enhances but not available for checking:
     ‘gurobi’ ‘Rcplex’ ‘Rmosek’ ‘Rsymphony’
Flavor: r-oldrel-osx-x86_64