CRAN Package Check Results for Package designmatch

Last updated on 2020-02-26 05:47:05 CET.

Flavor Version Tinstall Tcheck Ttotal Status Flags
r-devel-linux-x86_64-debian-clang 0.3.1 5.24 47.79 53.03 NOTE
r-devel-linux-x86_64-debian-gcc 0.3.1 5.20 36.61 41.81 NOTE
r-devel-linux-x86_64-fedora-clang 0.3.1 63.88 NOTE
r-devel-linux-x86_64-fedora-gcc 0.3.1 62.57 NOTE
r-devel-windows-ix86+x86_64 0.3.1 11.00 54.00 65.00 NOTE
r-devel-windows-ix86+x86_64-gcc8 0.3.1 11.00 58.00 69.00 NOTE
r-patched-linux-x86_64 0.3.1 4.72 43.91 48.63 NOTE
r-patched-solaris-x86 0.3.1 98.50 NOTE
r-release-linux-x86_64 0.3.1 5.61 43.73 49.34 NOTE
r-release-windows-ix86+x86_64 0.3.1 10.00 56.00 66.00 NOTE
r-release-osx-x86_64 0.3.1 NOTE
r-oldrel-windows-ix86+x86_64 0.3.1 10.00 57.00 67.00 NOTE
r-oldrel-osx-x86_64 0.3.1 NOTE

Check Details

Version: 0.3.1
Check: package dependencies
Result: NOTE
    Package which this enhances but not available for checking: 'gurobi'
Flavors: r-devel-linux-x86_64-debian-clang, r-devel-linux-x86_64-debian-gcc, r-patched-linux-x86_64, r-release-linux-x86_64

Version: 0.3.1
Check: package dependencies
Result: NOTE
    Packages which this enhances but not available for checking:
     'gurobi', 'Rcplex'
Flavors: r-devel-linux-x86_64-fedora-clang, r-devel-linux-x86_64-fedora-gcc, r-devel-windows-ix86+x86_64, r-devel-windows-ix86+x86_64-gcc8, r-release-windows-ix86+x86_64

Version: 0.3.1
Check: package dependencies
Result: NOTE
    Packages which this enhances but not available for checking:
     'gurobi', 'Rcplex', 'Rmosek', 'Rsymphony'
Flavor: r-patched-solaris-x86

Version: 0.3.1
Check: package dependencies
Result: NOTE
    Packages which this enhances but not available for checking:
     'gurobi', 'Rcplex', 'Rsymphony'
Flavor: r-release-osx-x86_64

Version: 0.3.1
Check: package dependencies
Result: NOTE
    Packages which this enhances but not available for checking:
     'gurobi' 'Rcplex'
Flavor: r-oldrel-windows-ix86+x86_64

Version: 0.3.1
Check: package dependencies
Result: NOTE
    Packages which this enhances but not available for checking:
     ‘gurobi’ ‘Rcplex’ ‘Rmosek’ ‘Rsymphony’
Flavor: r-oldrel-osx-x86_64