CRAN Package Check Results for Package detectRUNS

Last updated on 2020-05-27 15:47:10 CEST.

Flavor Version Tinstall Tcheck Ttotal Status Flags
r-devel-linux-x86_64-debian-clang 0.9.6 29.87 80.81 110.68 OK
r-devel-linux-x86_64-debian-gcc 0.9.6 23.56 61.41 84.97 OK
r-devel-linux-x86_64-fedora-clang 0.9.6 140.96 NOTE
r-devel-linux-x86_64-fedora-gcc 0.9.6 136.85 OK
r-devel-windows-ix86+x86_64 0.9.6 88.00 199.00 287.00 NOTE
r-patched-linux-x86_64 0.9.6 28.71 79.01 107.72 OK
r-patched-solaris-x86 0.9.6 166.00 OK
r-release-linux-x86_64 0.9.6 30.29 78.33 108.62 OK
r-release-osx-x86_64 0.9.6 NOTE
r-release-windows-ix86+x86_64 0.9.6 74.00 201.00 275.00 NOTE
r-oldrel-osx-x86_64 0.9.6 NOTE
r-oldrel-windows-ix86+x86_64 0.9.6 65.00 141.00 206.00 OK

Check Details

Version: 0.9.6
Check: installed package size
Result: NOTE
     installed size is 5.5Mb
     sub-directories of 1Mb or more:
     extdata 2.1Mb
     libs 2.6Mb
Flavors: r-devel-linux-x86_64-fedora-clang, r-devel-windows-ix86+x86_64, r-release-osx-x86_64, r-release-windows-ix86+x86_64, r-oldrel-osx-x86_64