CRAN Package Check Results for Package diagram

Last updated on 2020-09-23 06:00:41 CEST.

Flavor Version Tinstall Tcheck Ttotal Status Flags
r-devel-linux-x86_64-debian-clang 1.6.4 4.46 39.57 44.03 OK
r-devel-linux-x86_64-debian-gcc 1.6.4 3.24 31.89 35.13 NOTE
r-devel-linux-x86_64-fedora-clang 1.6.4 63.07 NOTE
r-devel-linux-x86_64-fedora-gcc 1.6.4 54.18 NOTE
r-devel-windows-ix86+x86_64 1.6.4 8.00 56.00 64.00 OK
r-patched-linux-x86_64 1.6.4 4.47 39.15 43.62 OK
r-patched-solaris-x86 1.6.4 73.40 OK
r-release-linux-x86_64 1.6.4 4.42 38.98 43.40 OK
r-release-macos-x86_64 1.6.4 OK
r-release-windows-ix86+x86_64 1.6.4 6.00 75.00 81.00 OK
r-oldrel-macos-x86_64 1.6.4 OK
r-oldrel-windows-ix86+x86_64 1.6.4 5.00 55.00 60.00 OK

Check Details

Version: 1.6.4
Check: R code for possible problems
Result: NOTE
    Possibly missing '()' after 'return' in the following functions:
     ‘curvedarrow’ ‘plotweb’
Flavors: r-devel-linux-x86_64-debian-gcc, r-devel-linux-x86_64-fedora-clang, r-devel-linux-x86_64-fedora-gcc