CRAN Package Check Results for Package diffrprojects

Last updated on 2020-02-20 02:48:20 CET.

Flavor Version Tinstall Tcheck Ttotal Status Flags
r-devel-linux-x86_64-debian-clang 0.1.14 37.14 98.86 136.00 OK
r-devel-linux-x86_64-debian-gcc 0.1.14 23.39 71.63 95.02 OK
r-devel-linux-x86_64-fedora-clang 0.1.14 166.92 NOTE
r-devel-linux-x86_64-fedora-gcc 0.1.14 155.89 NOTE
r-devel-windows-ix86+x86_64 0.1.14 64.00 171.00 235.00 OK
r-devel-windows-ix86+x86_64-gcc8 0.1.14 94.00 235.00 329.00 OK
r-patched-linux-x86_64 0.1.14 26.26 85.28 111.54 OK
r-patched-solaris-x86 0.1.14 274.60 OK
r-release-linux-x86_64 0.1.14 24.90 86.29 111.19 OK
r-release-windows-ix86+x86_64 0.1.14 67.00 178.00 245.00 OK
r-release-osx-x86_64 0.1.14 OK
r-oldrel-windows-ix86+x86_64 0.1.14 58.00 178.00 236.00 OK
r-oldrel-osx-x86_64 0.1.14 OK

Check Details

Version: 0.1.14
Check: compiled code
Result: NOTE
    File ‘diffrprojects/libs/diffrprojects.so’:
     Found no calls to: ‘R_registerRoutines’, ‘R_useDynamicSymbols’
    
    It is good practice to register native routines and to disable symbol
    search.
    
    See ‘Writing portable packages’ in the ‘Writing R Extensions’ manual.
Flavors: r-devel-linux-x86_64-fedora-clang, r-devel-linux-x86_64-fedora-gcc