CRAN Package Check Results for Package diffusr

Last updated on 2019-09-21 03:48:21 CEST.

Flavor Version Tinstall Tcheck Ttotal Status Flags
r-devel-linux-x86_64-debian-clang 0.1.4 54.85 30.51 85.36 OK
r-devel-linux-x86_64-debian-gcc 0.1.4 44.24 26.16 70.40 OK
r-devel-linux-x86_64-fedora-clang 0.1.4 133.52 NOTE
r-devel-linux-x86_64-fedora-gcc 0.1.4 125.20 NOTE
r-devel-windows-ix86+x86_64 0.1.4 150.00 67.00 217.00 OK
r-patched-linux-x86_64 0.1.4 51.69 31.28 82.97 OK
r-patched-solaris-x86 0.1.4 116.70 NOTE
r-release-linux-x86_64 0.1.4 45.27 31.43 76.70 OK
r-release-windows-ix86+x86_64 0.1.4 105.00 69.00 174.00 OK
r-release-osx-x86_64 0.1.4 NOTE
r-oldrel-windows-ix86+x86_64 0.1.4 100.00 62.00 162.00 OK
r-oldrel-osx-x86_64 0.1.4 NOTE

Check Details

Version: 0.1.4
Check: installed package size
Result: NOTE
     installed size is 10.8Mb
     sub-directories of 1Mb or more:
     libs 9.9Mb
Flavors: r-devel-linux-x86_64-fedora-clang, r-release-osx-x86_64, r-oldrel-osx-x86_64

Version: 0.1.4
Check: dependencies in R code
Result: NOTE
    Namespace in Imports field not imported from: ‘methods’
     All declared Imports should be used.
Flavors: r-devel-linux-x86_64-fedora-clang, r-devel-linux-x86_64-fedora-gcc, r-patched-solaris-x86, r-release-osx-x86_64, r-oldrel-osx-x86_64