CRAN Package Check Results for Package dispRity

Last updated on 2020-10-23 03:48:40 CEST.

Flavor Version Tinstall Tcheck Ttotal Status Flags
r-devel-linux-x86_64-debian-clang 1.5.0 19.49 183.87 203.36 OK
r-devel-linux-x86_64-debian-gcc 1.5.0 17.11 138.72 155.83 OK
r-devel-linux-x86_64-fedora-clang 1.5.0 247.00 NOTE
r-devel-linux-x86_64-fedora-gcc 1.5.0 241.31 OK
r-devel-windows-ix86+x86_64 1.5.0 43.00 322.00 365.00 OK
r-patched-linux-x86_64 1.5.0 21.49 172.67 194.16 OK
r-patched-solaris-x86 1.5.0 321.20 OK
r-release-linux-x86_64 1.5.0 19.00 171.41 190.41 OK
r-release-macos-x86_64 1.5.0 OK
r-release-windows-ix86+x86_64 1.5.0 44.00 232.00 276.00 OK
r-oldrel-macos-x86_64 1.5.0 ERROR
r-oldrel-windows-ix86+x86_64 1.4.2 39.00 179.00 218.00 ERROR

Check Details

Version: 1.5.0
Check: Rd cross-references
Result: NOTE
    Undeclared packages ‘geomorph’, ‘phytools’ in Rd xrefs
Flavor: r-devel-linux-x86_64-fedora-clang

Version: 1.5.0
Check: whether package can be installed
Result: ERROR
    Installation failed.
Flavor: r-oldrel-macos-x86_64

Version: 1.4.2
Check: running examples for arch ‘i386’
Result: ERROR
    Running examples in 'dispRity-Ex.R' failed
    The error most likely occurred in:
    
    > ### Name: boot.matrix
    > ### Title: Bootstraps and rarefies data.
    > ### Aliases: boot.matrix
    >
    > ### ** Examples
    >
    > ## Load the Beck & Lee 2014 matrix
    > data(BeckLee_mat50)
    >
    > ## Bootstrapping a matrix
    > ## Bootstrapping an ordinated matrix 20 times
    > boot.matrix(BeckLee_mat50, bootstraps = 20)
    Error: data$matrix must be matrix or a list of matrices with the same dimensions and row names.
    Execution halted
Flavor: r-oldrel-windows-ix86+x86_64

Version: 1.4.2
Check: running examples for arch ‘x64’
Result: ERROR
    Running examples in 'dispRity-Ex.R' failed
    The error most likely occurred in:
    
    > ### Name: boot.matrix
    > ### Title: Bootstraps and rarefies data.
    > ### Aliases: boot.matrix
    >
    > ### ** Examples
    >
    > ## Load the Beck & Lee 2014 matrix
    > data(BeckLee_mat50)
    >
    > ## Bootstrapping a matrix
    > ## Bootstrapping an ordinated matrix 20 times
    > boot.matrix(BeckLee_mat50, bootstraps = 20)
    Error: data$matrix must be matrix or a list of matrices with the same dimensions and row names.
    Execution halted
Flavor: r-oldrel-windows-ix86+x86_64