CRAN Package Check Results for Package diversitree

Last updated on 2019-09-21 03:48:21 CEST.

Flavor Version Tinstall Tcheck Ttotal Status Flags
r-devel-linux-x86_64-debian-clang 0.9-11 68.08 95.94 164.02 WARN
r-devel-linux-x86_64-debian-gcc 0.9-11 56.59 76.64 133.23 WARN
r-devel-linux-x86_64-fedora-clang 0.9-11 224.09 WARN
r-devel-linux-x86_64-fedora-gcc 0.9-11 211.81 WARN
r-devel-windows-ix86+x86_64 0.9-11 204.00 136.00 340.00 NOTE
r-patched-linux-x86_64 0.9-11 61.00 95.47 156.47 OK
r-patched-solaris-x86 0.9-11 212.10 OK
r-release-linux-x86_64 0.9-11 62.06 96.34 158.40 OK
r-release-windows-ix86+x86_64 0.9-11 133.00 131.00 264.00 NOTE
r-release-osx-x86_64 0.9-11 NOTE
r-oldrel-windows-ix86+x86_64 0.9-11 125.00 132.00 257.00 NOTE
r-oldrel-osx-x86_64 0.9-11 NOTE

Additional issues

LTO

Check Details

Version: 0.9-11
Check: whether package can be installed
Result: WARN
    Found the following significant warnings:
     'config' variable 'CPP' is deprecated
Flavors: r-devel-linux-x86_64-debian-clang, r-devel-linux-x86_64-debian-gcc, r-devel-linux-x86_64-fedora-clang, r-devel-linux-x86_64-fedora-gcc

Version: 0.9-11
Check: installed package size
Result: NOTE
     installed size is 6.6Mb
     sub-directories of 1Mb or more:
     libs 5.3Mb
Flavors: r-devel-linux-x86_64-fedora-clang, r-devel-windows-ix86+x86_64, r-release-windows-ix86+x86_64, r-release-osx-x86_64, r-oldrel-windows-ix86+x86_64, r-oldrel-osx-x86_64