CRAN Package Check Results for Package diversitree

Last updated on 2020-02-16 14:47:44 CET.

Flavor Version Tinstall Tcheck Ttotal Status Flags
r-devel-linux-x86_64-debian-clang 0.9-13 82.99 108.95 191.94 OK
r-devel-linux-x86_64-debian-gcc 0.9-13 56.76 82.73 139.49 OK
r-devel-linux-x86_64-fedora-clang 0.9-13 238.95 NOTE
r-devel-linux-x86_64-fedora-gcc 0.9-13 248.23 OK
r-devel-windows-ix86+x86_64 0.9-13 162.00 156.00 318.00 NOTE
r-devel-windows-ix86+x86_64-gcc8 0.9-13 221.00 202.00 423.00 NOTE
r-patched-linux-x86_64 0.9-13 62.00 96.11 158.11 OK
r-patched-solaris-x86 0.9-13 218.50 OK
r-release-linux-x86_64 0.9-13 61.86 94.91 156.77 OK
r-release-windows-ix86+x86_64 0.9-13 142.00 132.00 274.00 NOTE
r-release-osx-x86_64 0.9-13 NOTE
r-oldrel-windows-ix86+x86_64 0.9-13 130.00 181.00 311.00 NOTE
r-oldrel-osx-x86_64 0.9-13 NOTE

Check Details

Version: 0.9-13
Check: installed package size
Result: NOTE
     installed size is 6.6Mb
     sub-directories of 1Mb or more:
     libs 5.3Mb
Flavors: r-devel-linux-x86_64-fedora-clang, r-devel-windows-ix86+x86_64, r-devel-windows-ix86+x86_64-gcc8, r-release-windows-ix86+x86_64, r-release-osx-x86_64, r-oldrel-windows-ix86+x86_64, r-oldrel-osx-x86_64