CRAN Package Check Results for Package divest

Last updated on 2019-12-07 02:52:38 CET.

Flavor Version Tinstall Tcheck Ttotal Status Flags
r-devel-linux-x86_64-debian-clang 0.8.1 58.76 28.25 87.01 OK
r-devel-linux-x86_64-debian-gcc 0.8.1 41.85 22.67 64.52 WARN
r-devel-linux-x86_64-fedora-clang 0.8.1 120.14 OK
r-devel-linux-x86_64-fedora-gcc 0.8.1 111.28 WARN
r-devel-windows-ix86+x86_64 0.8.1 115.00 86.00 201.00 OK
r-devel-windows-ix86+x86_64-gcc8 0.8.1 122.00 68.00 190.00 WARN
r-patched-linux-x86_64 0.8.1 45.21 25.94 71.15 OK
r-patched-solaris-x86 0.8.1 128.70 OK
r-release-linux-x86_64 0.8.1 43.23 25.96 69.19 OK
r-release-windows-ix86+x86_64 0.8.1 126.00 64.00 190.00 OK
r-release-osx-x86_64 0.8.1 OK
r-oldrel-windows-ix86+x86_64 0.8.1 99.00 82.00 181.00 OK
r-oldrel-osx-x86_64 0.8.1 OK

Additional issues

clang10 clang10

Check Details

Version: 0.8.1
Check: whether package can be installed
Result: WARN
    Found the following significant warnings:
     /usr/include/x86_64-linux-gnu/bits/string_fortified.h:128:33: warning: ‘char* __builtin___strcat_chk(char*, const char*, long unsigned int)’ accessing 4097 or more bytes at offsets 0 and 4096 may overlap 1 byte at offset 4096 [-Wrestrict]
Flavor: r-devel-linux-x86_64-debian-gcc

Version: 0.8.1
Check: whether package can be installed
Result: WARN
    Found the following significant warnings:
     /usr/include/bits/string_fortified.h:128:33: warning: ‘char* __builtin___strcat_chk(char*, const char*, long unsigned int)’ accessing 4097 or more bytes at offsets 0 and 4096 may overlap 1 byte at offset 4096 [-Wrestrict]
Flavor: r-devel-linux-x86_64-fedora-gcc

Version: 0.8.1
Check: whether package can be installed
Result: WARN
    Found the following significant warnings:
     dcm2niix/tinydir.h:350:8: warning: 'char* strcat(char*, const char*)' accessing 4097 or more bytes at offsets 0 and 4096 may overlap 1 byte at offset 4096 [-Wrestrict]
Flavor: r-devel-windows-ix86+x86_64-gcc8