CRAN Package Check Results for Package dmdScheme

Last updated on 2020-05-27 15:47:11 CEST.

Flavor Version Tinstall Tcheck Ttotal Status Flags
r-devel-linux-x86_64-debian-clang 1.1.2 9.58 120.58 130.16 OK
r-devel-linux-x86_64-debian-gcc 1.1.2 8.76 92.51 101.27 OK
r-devel-linux-x86_64-fedora-clang 1.1.2 144.73 OK
r-devel-linux-x86_64-fedora-gcc 1.1.2 136.07 OK
r-devel-windows-ix86+x86_64 1.1.2 33.00 182.00 215.00 OK
r-patched-linux-x86_64 1.1.2 10.71 119.57 130.28 OK
r-patched-solaris-x86 1.1.2 163.70 ERROR
r-release-linux-x86_64 1.1.2 10.75 120.23 130.98 OK
r-release-osx-x86_64 1.1.2 OK
r-release-windows-ix86+x86_64 1.1.2 29.00 185.00 214.00 OK
r-oldrel-osx-x86_64 1.1.2 ERROR
r-oldrel-windows-ix86+x86_64 1.1.2 26.00 139.00 165.00 OK

Check Details

Version: 1.1.2
Check: examples
Result: ERROR
    Running examples in ‘dmdScheme-Ex.R’ failed
    The error most likely occurred in:
    
    > ### Name: report
    > ### Title: Generic function for creating a report from an object 'x'
    > ### Aliases: report report.character report.dmdScheme_validation
    >
    > ### ** Examples
    >
    > ## Report of `dmdScheme_validation`
    > report( scheme_path_xlsx() )
    Validating Experiment
    Validating Genus
    Validating Treatments
    Validating Measurement
    Validating DataExtraction
    Validating DataFileMetaData
    Error: pandoc version 1.12.3 or higher is required and was not found (see the help page ?rmarkdown::pandoc_available).
    Execution halted
Flavors: r-patched-solaris-x86, r-oldrel-osx-x86_64