CRAN Package Check Results for Package doParallel

Last updated on 2020-04-02 15:48:45 CEST.

Flavor Version Tinstall Tcheck Ttotal Status Flags
r-devel-linux-x86_64-debian-clang 1.0.15 2.60 120.35 122.95 NOTE
r-devel-linux-x86_64-debian-gcc 1.0.15 2.09 95.07 97.16 NOTE
r-devel-linux-x86_64-fedora-clang 1.0.15 139.99 OK
r-devel-linux-x86_64-fedora-gcc 1.0.15 144.34 OK
r-devel-windows-ix86+x86_64 1.0.15 6.00 121.00 127.00 OK
r-devel-windows-ix86+x86_64-gcc8 1.0.15 6.00 129.00 135.00 OK
r-patched-linux-x86_64 1.0.15 2.41 116.27 118.68 NOTE
r-patched-solaris-x86 1.0.15 311.00 OK
r-release-linux-x86_64 1.0.15 1.98 109.03 111.01 NOTE
r-release-windows-ix86+x86_64 1.0.15 5.00 174.00 179.00 OK
r-release-osx-x86_64 1.0.15 OK
r-oldrel-windows-ix86+x86_64 1.0.15 5.00 145.00 150.00 OK
r-oldrel-osx-x86_64 1.0.15 OK

Check Details

Version: 1.0.15
Check: R code for possible problems
Result: NOTE
    Found the following calls to attach():
    File 'doParallel/R/doParallel.R':
     attach(exportEnv)
    See section 'Good practice' in '?attach'.
Flavors: r-devel-linux-x86_64-debian-clang, r-devel-linux-x86_64-debian-gcc, r-patched-linux-x86_64, r-release-linux-x86_64