CRAN Package Check Results for Package doParallel

Last updated on 2020-01-22 02:49:55 CET.

Flavor Version Tinstall Tcheck Ttotal Status Flags
r-devel-linux-x86_64-debian-clang 1.0.15 2.61 118.83 121.44 NOTE
r-devel-linux-x86_64-debian-gcc 1.0.15 1.77 92.47 94.24 NOTE
r-devel-linux-x86_64-fedora-clang 1.0.15 140.26 OK
r-devel-linux-x86_64-fedora-gcc 1.0.15 140.35 OK
r-devel-windows-ix86+x86_64 1.0.15 10.00 176.00 186.00 OK
r-devel-windows-ix86+x86_64-gcc8 1.0.15 7.00 139.00 146.00 OK
r-patched-linux-x86_64 1.0.15 1.98 109.96 111.94 NOTE
r-patched-solaris-x86 1.0.15 289.40 OK
r-release-linux-x86_64 1.0.15 2.01 108.93 110.94 NOTE
r-release-windows-ix86+x86_64 1.0.15 5.00 171.00 176.00 OK
r-release-osx-x86_64 1.0.15 OK
r-oldrel-windows-ix86+x86_64 1.0.15 3.00 22.00 25.00 FAIL
r-oldrel-osx-x86_64 1.0.15 OK

Check Details

Version: 1.0.15
Check: R code for possible problems
Result: NOTE
    Found the following calls to attach():
    File 'doParallel/R/doParallel.R':
     attach(exportEnv)
    See section 'Good practice' in '?attach'.
Flavors: r-devel-linux-x86_64-debian-clang, r-devel-linux-x86_64-debian-gcc, r-patched-linux-x86_64, r-release-linux-x86_64

Version: 1.0.15
Check: examples
Result: FAIL
Flavor: r-oldrel-windows-ix86+x86_64