CRAN Package Check Results for Package doRNG

Last updated on 2020-10-01 15:48:25 CEST.

Flavor Version Tinstall Tcheck Ttotal Status Flags
r-devel-linux-x86_64-debian-clang 1.8.2 2.42 70.23 72.65 OK
r-devel-linux-x86_64-debian-gcc 1.8.2 1.96 55.49 57.45 OK
r-devel-linux-x86_64-fedora-clang 1.8.2 96.55 NOTE
r-devel-linux-x86_64-fedora-gcc 1.8.2 87.93 OK
r-devel-windows-ix86+x86_64 1.8.2 6.00 87.00 93.00 OK
r-patched-linux-x86_64 1.8.2 2.44 68.47 70.91 OK
r-patched-solaris-x86 1.8.2 134.90 NOTE
r-release-linux-x86_64 1.8.2 2.34 68.40 70.74 OK
r-release-macos-x86_64 1.8.2 NOTE
r-release-windows-ix86+x86_64 1.8.2 16.00 93.00 109.00 OK
r-oldrel-macos-x86_64 1.8.2 NOTE
r-oldrel-windows-ix86+x86_64 1.8.2 5.00 86.00 91.00 OK

Check Details

Version: 1.8.2
Check: package dependencies
Result: NOTE
    Suggests orphaned package: ‘bibtex’
Flavor: r-devel-linux-x86_64-fedora-clang

Version: 1.8.2
Check: package dependencies
Result: NOTE
    Package suggested but not available for checking: ‘doRedis’
Flavor: r-patched-solaris-x86

Version: 1.8.2
Check: package dependencies
Result: NOTE
    Package suggested but not available for checking: ‘doMPI’
Flavors: r-release-macos-x86_64, r-oldrel-macos-x86_64

Version: 1.8.2
Check: Rd cross-references
Result: NOTE
    Package unavailable to check Rd xrefs: ‘doMPI’
Flavors: r-release-macos-x86_64, r-oldrel-macos-x86_64