CRAN Package Check Results for Package documenter

Last updated on 2020-04-04 15:48:15 CEST.

Flavor Version Tinstall Tcheck Ttotal Status Flags
r-devel-linux-x86_64-debian-clang 0.1.1 2.53 32.43 34.96 NOTE
r-devel-linux-x86_64-debian-gcc 0.1.1 1.64 26.51 28.15 NOTE
r-devel-linux-x86_64-fedora-clang 0.1.1 42.65 NOTE
r-devel-linux-x86_64-fedora-gcc 0.1.1 42.79 NOTE
r-devel-windows-ix86+x86_64 0.1.1 12.00 43.00 55.00 NOTE
r-devel-windows-ix86+x86_64-gcc8 0.1.1 6.00 48.00 54.00 NOTE
r-patched-linux-x86_64 0.1.1 2.20 32.06 34.26 NOTE
r-patched-solaris-x86 0.1.1 67.70 NOTE
r-release-linux-x86_64 0.1.1 1.92 30.87 32.79 OK
r-release-windows-ix86+x86_64 0.1.1 4.00 53.00 57.00 OK
r-release-osx-x86_64 0.1.1 OK
r-oldrel-windows-ix86+x86_64 0.1.1 5.00 44.00 49.00 OK
r-oldrel-osx-x86_64 0.1.1 OK

Check Details

Version: 0.1.1
Check: package vignettes
Result: NOTE
    Package vignette with placeholder title 'Vignette Title':
     'documenter.Rmd'
Flavors: r-devel-linux-x86_64-debian-clang, r-devel-linux-x86_64-debian-gcc, r-devel-windows-ix86+x86_64, r-devel-windows-ix86+x86_64-gcc8, r-patched-linux-x86_64

Version: 0.1.1
Check: for non-standard things in the check directory
Result: NOTE
    Found the following files/directories:
     'annotation_file.yml'
Flavors: r-devel-linux-x86_64-debian-clang, r-devel-linux-x86_64-debian-gcc, r-devel-linux-x86_64-fedora-clang, r-devel-linux-x86_64-fedora-gcc, r-patched-linux-x86_64, r-patched-solaris-x86