CRAN Package Check Results for Package dodgr

Last updated on 2019-12-15 02:48:06 CET.

Flavor Version Tinstall Tcheck Ttotal Status Flags
r-devel-linux-x86_64-debian-clang 0.2.5 144.99 261.45 406.44 NOTE
r-devel-linux-x86_64-debian-gcc 0.2.5 104.69 209.92 314.61 NOTE
r-devel-linux-x86_64-fedora-clang 0.2.5 533.28 NOTE
r-devel-linux-x86_64-fedora-gcc 0.2.5 531.27 NOTE
r-devel-windows-ix86+x86_64 0.2.5 263.00 542.00 805.00 NOTE
r-devel-windows-ix86+x86_64-gcc8 0.2.5 306.00 555.00 861.00 NOTE
r-patched-linux-x86_64 0.2.5 112.73 238.18 350.91 NOTE
r-patched-solaris-x86 0.2.5 635.60 NOTE
r-release-linux-x86_64 0.2.5 110.03 231.02 341.05 NOTE
r-release-windows-ix86+x86_64 0.2.5 249.00 353.00 602.00 NOTE
r-release-osx-x86_64 0.2.5 NOTE
r-oldrel-windows-ix86+x86_64 0.2.5 247.00 332.00 579.00 NOTE
r-oldrel-osx-x86_64 0.2.5 NOTE

Check Details

Version: 0.2.5
Check: for GNU extensions in Makefiles
Result: NOTE
    GNU make is a SystemRequirements.
Flavors: r-devel-linux-x86_64-debian-clang, r-devel-linux-x86_64-debian-gcc, r-devel-linux-x86_64-fedora-clang, r-devel-linux-x86_64-fedora-gcc, r-devel-windows-ix86+x86_64, r-devel-windows-ix86+x86_64-gcc8, r-patched-linux-x86_64, r-patched-solaris-x86, r-release-linux-x86_64, r-release-windows-ix86+x86_64, r-release-osx-x86_64, r-oldrel-windows-ix86+x86_64, r-oldrel-osx-x86_64

Version: 0.2.5
Check: installed package size
Result: NOTE
     installed size is 13.8Mb
     sub-directories of 1Mb or more:
     doc 2.8Mb
     libs 10.5Mb
Flavors: r-devel-linux-x86_64-fedora-clang, r-devel-windows-ix86+x86_64, r-devel-windows-ix86+x86_64-gcc8, r-release-windows-ix86+x86_64, r-release-osx-x86_64, r-oldrel-windows-ix86+x86_64, r-oldrel-osx-x86_64