CRAN Package Check Results for Package dodgr

Last updated on 2020-07-07 03:47:38 CEST.

Flavor Version Tinstall Tcheck Ttotal Status Flags
r-devel-linux-x86_64-debian-clang 0.2.7 155.87 291.40 447.27 NOTE
r-devel-linux-x86_64-debian-gcc 0.2.7 126.18 216.79 342.97 NOTE
r-devel-linux-x86_64-fedora-clang 0.2.7 587.60 NOTE
r-devel-linux-x86_64-fedora-gcc 0.2.7 560.22 NOTE
r-devel-windows-ix86+x86_64 0.2.7 298.00 419.00 717.00 NOTE
r-patched-linux-x86_64 0.2.7 130.15 281.77 411.92 NOTE
r-patched-solaris-x86 0.2.7 690.10 NOTE
r-release-linux-x86_64 0.2.7 129.56 286.03 415.59 NOTE
r-release-osx-x86_64 0.2.7 NOTE
r-release-windows-ix86+x86_64 0.2.7 316.00 412.00 728.00 NOTE
r-oldrel-osx-x86_64 0.2.7 NOTE
r-oldrel-windows-ix86+x86_64 0.2.7 294.00 519.00 813.00 NOTE

Check Details

Version: 0.2.7
Check: for GNU extensions in Makefiles
Result: NOTE
    GNU make is a SystemRequirements.
Flavors: r-devel-linux-x86_64-debian-clang, r-devel-linux-x86_64-debian-gcc, r-devel-linux-x86_64-fedora-clang, r-devel-linux-x86_64-fedora-gcc, r-devel-windows-ix86+x86_64, r-patched-linux-x86_64, r-patched-solaris-x86, r-release-linux-x86_64, r-release-osx-x86_64, r-release-windows-ix86+x86_64, r-oldrel-osx-x86_64, r-oldrel-windows-ix86+x86_64

Version: 0.2.7
Check: installed package size
Result: NOTE
     installed size is 19.0Mb
     sub-directories of 1Mb or more:
     doc 5.2Mb
     libs 13.3Mb
Flavors: r-devel-linux-x86_64-fedora-clang, r-devel-windows-ix86+x86_64, r-patched-solaris-x86, r-release-osx-x86_64, r-release-windows-ix86+x86_64, r-oldrel-osx-x86_64, r-oldrel-windows-ix86+x86_64

Version: 0.2.7
Check: dependencies in R code
Result: NOTE
    Namespace in Imports field not imported from: ‘RcppThread’
     All declared Imports should be used.
Flavors: r-devel-linux-x86_64-fedora-clang, r-devel-linux-x86_64-fedora-gcc, r-patched-solaris-x86, r-release-osx-x86_64, r-oldrel-osx-x86_64