CRAN Package Check Results for Package dpglasso

Last updated on 2020-01-19 02:48:53 CET.

Flavor Version Tinstall Tcheck Ttotal Status Flags
r-devel-linux-x86_64-debian-clang 1.0 2.24 17.50 19.74 WARN
r-devel-linux-x86_64-debian-gcc 1.0 1.79 13.91 15.70 WARN
r-devel-linux-x86_64-fedora-clang 1.0 25.24 WARN
r-devel-linux-x86_64-fedora-gcc 1.0 24.04 WARN
r-devel-windows-ix86+x86_64 1.0 11.00 37.00 48.00 OK
r-devel-windows-ix86+x86_64-gcc8 1.0 7.00 60.00 67.00 OK
r-patched-linux-x86_64 1.0 1.73 16.38 18.11 WARN
r-patched-solaris-x86 1.0 35.10 OK
r-release-linux-x86_64 1.0 1.71 16.22 17.93 WARN
r-release-windows-ix86+x86_64 1.0 7.00 61.00 68.00 OK
r-release-osx-x86_64 1.0 OK
r-oldrel-windows-ix86+x86_64 1.0 5.00 34.00 39.00 OK
r-oldrel-osx-x86_64 1.0 OK

Check Details

Version: 1.0
Check: whether package can be installed
Result: WARN
    Found the following significant warnings:
     Warning: '__var_1_mmb.offset' is used uninitialized in this function [-Wuninitialized]
Flavors: r-devel-linux-x86_64-debian-clang, r-devel-linux-x86_64-debian-gcc, r-devel-linux-x86_64-fedora-clang, r-devel-linux-x86_64-fedora-gcc, r-patched-linux-x86_64, r-release-linux-x86_64

Version: 1.0
Check: compiled code
Result: NOTE
    File ‘dpglasso/libs/dpglasso.so’:
     Found no calls to: ‘R_registerRoutines’, ‘R_useDynamicSymbols’
    
    It is good practice to register native routines and to disable symbol
    search.
    
    See ‘Writing portable packages’ in the ‘Writing R Extensions’ manual.
Flavors: r-devel-linux-x86_64-fedora-clang, r-devel-linux-x86_64-fedora-gcc