CRAN Package Check Results for Package dr4pl

Last updated on 2020-07-14 03:47:43 CEST.

Flavor Version Tinstall Tcheck Ttotal Status Flags
r-devel-linux-x86_64-debian-clang 1.1.11 10.42 109.85 120.27 OK
r-devel-linux-x86_64-debian-gcc 1.1.11 8.57 82.05 90.62 OK
r-devel-linux-x86_64-fedora-clang 1.1.11 147.65 OK
r-devel-linux-x86_64-fedora-gcc 1.1.11 143.17 OK
r-devel-windows-ix86+x86_64 1.1.11 24.00 157.00 181.00 OK
r-patched-linux-x86_64 1.1.11 9.86 105.31 115.17 OK
r-patched-solaris-x86 1.1.11 198.80 OK
r-release-linux-x86_64 1.1.11 9.77 104.31 114.08 OK
r-release-macos-x86_64 1.1.11 ERROR
r-release-windows-ix86+x86_64 1.1.11 36.00 122.00 158.00 OK
r-oldrel-macos-x86_64 1.1.11 OK
r-oldrel-windows-ix86+x86_64 1.1.11 25.00 171.00 196.00 OK

Check Details

Version: 1.1.11
Check: whether package can be installed
Result: ERROR
    Installation failed.
Flavor: r-release-macos-x86_64