CRAN Package Check Results for Package dynia

Last updated on 2019-09-21 03:48:21 CEST.

Flavor Version Tinstall Tcheck Ttotal Status Flags
r-devel-linux-x86_64-debian-clang 0.2 1.57 24.45 26.02 NOTE
r-devel-linux-x86_64-debian-gcc 0.2 1.47 19.34 20.81 NOTE
r-devel-linux-x86_64-fedora-clang 0.2 32.78 NOTE
r-devel-linux-x86_64-fedora-gcc 0.2 32.65 NOTE
r-devel-windows-ix86+x86_64 0.2 8.00 48.00 56.00 NOTE
r-patched-linux-x86_64 0.2 1.47 24.77 26.24 NOTE
r-patched-solaris-x86 0.2 48.10 NOTE
r-release-linux-x86_64 0.2 1.34 25.22 26.56 NOTE
r-release-windows-ix86+x86_64 0.2 4.00 52.00 56.00 NOTE
r-release-osx-x86_64 0.2 NOTE
r-oldrel-windows-ix86+x86_64 0.2 2.00 35.00 37.00 NOTE
r-oldrel-osx-x86_64 0.2 NOTE

Check Details

Version: 0.2
Check: R code for possible problems
Result: NOTE
    GetIntMod: no visible global function definition for 'arima'
    GetLikeDI: no visible global function definition for 'arima'
    GetLikeDI: no visible global function definition for 'logLik'
    GetPV: no visible global function definition for 'optimize'
    GetPV: no visible global function definition for 'pchisq'
    fitdi: no visible global function definition for 'optimize'
    Undefined global functions or variables:
     arima logLik optimize pchisq
    Consider adding
     importFrom("stats", "arima", "logLik", "optimize", "pchisq")
    to your NAMESPACE file.
Flavors: r-devel-linux-x86_64-debian-clang, r-devel-linux-x86_64-debian-gcc, r-devel-linux-x86_64-fedora-clang, r-devel-linux-x86_64-fedora-gcc, r-devel-windows-ix86+x86_64, r-patched-linux-x86_64, r-patched-solaris-x86, r-release-linux-x86_64, r-release-windows-ix86+x86_64, r-release-osx-x86_64, r-oldrel-windows-ix86+x86_64, r-oldrel-osx-x86_64