CRAN Package Check Results for Package dynia

Last updated on 2020-02-16 14:47:44 CET.

Flavor Version Tinstall Tcheck Ttotal Status Flags
r-devel-linux-x86_64-debian-clang 0.2 1.88 25.84 27.72 NOTE
r-devel-linux-x86_64-debian-gcc 0.2 1.59 20.03 21.62 NOTE
r-devel-linux-x86_64-fedora-clang 0.2 35.07 NOTE
r-devel-linux-x86_64-fedora-gcc 0.2 35.81 NOTE
r-devel-windows-ix86+x86_64 0.2 5.00 40.00 45.00 NOTE
r-devel-windows-ix86+x86_64-gcc8 0.2 7.00 56.00 63.00 NOTE
r-patched-linux-x86_64 0.2 1.42 24.83 26.25 NOTE
r-patched-solaris-x86 0.2 49.30 NOTE
r-release-linux-x86_64 0.2 1.54 24.86 26.40 NOTE
r-release-windows-ix86+x86_64 0.2 4.00 52.00 56.00 NOTE
r-release-osx-x86_64 0.2 NOTE
r-oldrel-windows-ix86+x86_64 0.2 2.00 35.00 37.00 NOTE
r-oldrel-osx-x86_64 0.2 NOTE

Check Details

Version: 0.2
Check: R code for possible problems
Result: NOTE
    GetIntMod: no visible global function definition for 'arima'
    GetLikeDI: no visible global function definition for 'arima'
    GetLikeDI: no visible global function definition for 'logLik'
    GetPV: no visible global function definition for 'optimize'
    GetPV: no visible global function definition for 'pchisq'
    fitdi: no visible global function definition for 'optimize'
    Undefined global functions or variables:
     arima logLik optimize pchisq
    Consider adding
     importFrom("stats", "arima", "logLik", "optimize", "pchisq")
    to your NAMESPACE file.
Flavors: r-devel-linux-x86_64-debian-clang, r-devel-linux-x86_64-debian-gcc, r-devel-linux-x86_64-fedora-clang, r-devel-linux-x86_64-fedora-gcc, r-devel-windows-ix86+x86_64, r-devel-windows-ix86+x86_64-gcc8, r-patched-linux-x86_64, r-patched-solaris-x86, r-release-linux-x86_64, r-release-windows-ix86+x86_64, r-release-osx-x86_64, r-oldrel-windows-ix86+x86_64, r-oldrel-osx-x86_64