CRAN Package Check Results for Package dynparam

Last updated on 2020-02-23 02:47:23 CET.

Flavor Version Tinstall Tcheck Ttotal Status Flags
r-devel-linux-x86_64-debian-clang 1.0.0 11.71 99.07 110.78 OK
r-devel-linux-x86_64-debian-gcc 1.0.0 8.66 73.31 81.97 OK
r-devel-linux-x86_64-fedora-clang 1.0.0 128.24 NOTE
r-devel-linux-x86_64-fedora-gcc 1.0.0 127.31 NOTE
r-devel-windows-ix86+x86_64 1.0.0 24.00 113.00 137.00 OK
r-devel-windows-ix86+x86_64-gcc8 1.0.0 40.00 174.00 214.00 OK
r-patched-linux-x86_64 1.0.0 OK
r-patched-solaris-x86 1.0.0 185.10 NOTE
r-release-linux-x86_64 1.0.0 10.96 85.18 96.14 OK
r-release-windows-ix86+x86_64 1.0.0 25.00 112.00 137.00 OK
r-release-osx-x86_64 1.0.0 NOTE
r-oldrel-windows-ix86+x86_64 1.0.0 15.00 109.00 124.00 OK
r-oldrel-osx-x86_64 1.0.0 NOTE

Check Details

Version: 1.0.0
Check: dependencies in R code
Result: NOTE
    Namespace in Imports field not imported from: ‘testthat’
     All declared Imports should be used.
Flavors: r-devel-linux-x86_64-fedora-clang, r-devel-linux-x86_64-fedora-gcc, r-patched-solaris-x86, r-release-osx-x86_64, r-oldrel-osx-x86_64