CRAN Package Check Results for Package dynwrap

Last updated on 2020-04-09 15:53:42 CEST.

Flavor Version Tinstall Tcheck Ttotal Status Flags
r-devel-linux-x86_64-debian-clang 1.2.0 17.05 319.14 336.19 OK
r-devel-linux-x86_64-debian-gcc 1.2.0 15.24 247.74 262.98 OK
r-devel-linux-x86_64-fedora-clang 1.2.0 388.07 NOTE
r-devel-linux-x86_64-fedora-gcc 1.2.0 386.55 NOTE
r-devel-windows-ix86+x86_64 1.2.0 37.00 306.00 343.00 OK
r-devel-windows-ix86+x86_64-gcc8 1.2.0 31.00 307.00 338.00 OK
r-patched-linux-x86_64 1.2.0 13.96 307.47 321.43 OK
r-patched-osx-x86_64 1.2.0 WARN
r-patched-solaris-x86 1.2.0 552.40 NOTE
r-release-linux-x86_64 1.2.0 12.64 281.18 293.82 OK
r-release-windows-ix86+x86_64 1.2.0 34.00 442.00 476.00 OK
r-release-osx-x86_64 1.2.0 ERROR
r-oldrel-windows-ix86+x86_64 1.2.0 38.00 403.00 441.00 OK
r-oldrel-osx-x86_64 1.2.0 NOTE

Check Details

Version: 1.2.0
Check: dependencies in R code
Result: NOTE
    Namespace in Imports field not imported from: ‘FNN’
     All declared Imports should be used.
Flavors: r-devel-linux-x86_64-fedora-clang, r-devel-linux-x86_64-fedora-gcc, r-patched-osx-x86_64, r-patched-solaris-x86, r-release-osx-x86_64, r-oldrel-osx-x86_64

Version: 1.2.0
Check: re-building of vignette outputs
Result: WARN
    Error(s) in re-building vignettes:
    --- re-building ‘create_ti_method_container.Rmd’ using rmarkdown
    
    Attaching package: 'dplyr'
    
    The following objects are masked from 'package:stats':
    
     filter, lag
    
    The following objects are masked from 'package:base':
    
     intersect, setdiff, setequal, union
    
    Warning in readLines(system.file("examples/docker/Dockerfile", package = "dynwrap")) :
     incomplete final line found on '/Volumes/Builds/packages/high-sierra-x86_64/results/4.0/dynwrap.Rcheck/dynwrap/examples/docker/Dockerfile'
    dyld: lazy symbol binding failed: Symbol not found: ____chkstk_darwin
     Referenced from: /usr/local/bin/pandoc (which was built for Mac OS X 10.15)
     Expected in: /usr/lib/libSystem.B.dylib
    
    dyld: Symbol not found: ____chkstk_darwin
     Referenced from: /usr/local/bin/pandoc (which was built for Mac OS X 10.15)
     Expected in: /usr/lib/libSystem.B.dylib
    
    Error: processing vignette 'create_ti_method_container.Rmd' failed with diagnostics:
    pandoc document conversion failed with error 6
    --- failed re-building ‘create_ti_method_container.Rmd’
    
    --- re-building ‘create_ti_method_definition.Rmd’ using rmarkdown
    dyld: lazy symbol binding failed: Symbol not found: ____chkstk_darwin
     Referenced from: /usr/local/bin/pandoc (which was built for Mac OS X 10.15)
     Expected in: /usr/lib/libSystem.B.dylib
    
    dyld: Symbol not found: ____chkstk_darwin
     Referenced from: /usr/local/bin/pandoc (which was built for Mac OS X 10.15)
     Expected in: /usr/lib/libSystem.B.dylib
    
    Error: processing vignette 'create_ti_method_definition.Rmd' failed with diagnostics:
    pandoc document conversion failed with error 6
    --- failed re-building ‘create_ti_method_definition.Rmd’
    
    --- re-building ‘create_ti_method_r.Rmd’ using rmarkdown
    dyld: lazy symbol binding failed: Symbol not found: ____chkstk_darwin
     Referenced from: /usr/local/bin/pandoc (which was built for Mac OS X 10.15)
     Expected in: /usr/lib/libSystem.B.dylib
    
    dyld: Symbol not found: ____chkstk_darwin
     Referenced from: /usr/local/bin/pandoc (which was built for Mac OS X 10.15)
     Expected in: /usr/lib/libSystem.B.dylib
    
    Error: processing vignette 'create_ti_method_r.Rmd' failed with diagnostics:
    pandoc document conversion failed with error 6
    --- failed re-building ‘create_ti_method_r.Rmd’
    
    --- re-building ‘create_ti_method_wrappers.Rmd’ using rmarkdown
    
    Attaching package: 'dplyr'
    
    The following objects are masked from 'package:stats':
    
     filter, lag
    
    The following objects are masked from 'package:base':
    
     intersect, setdiff, setequal, union
    
    dyld: lazy symbol binding failed: Symbol not found: ____chkstk_darwin
     Referenced from: /usr/local/bin/pandoc (which was built for Mac OS X 10.15)
     Expected in: /usr/lib/libSystem.B.dylib
    
    dyld: Symbol not found: ____chkstk_darwin
     Referenced from: /usr/local/bin/pandoc (which was built for Mac OS X 10.15)
     Expected in: /usr/lib/libSystem.B.dylib
    
    Error: processing vignette 'create_ti_method_wrappers.Rmd' failed with diagnostics:
    pandoc document conversion failed with error 6
    --- failed re-building ‘create_ti_method_wrappers.Rmd’
    
    SUMMARY: processing the following files failed:
     ‘create_ti_method_container.Rmd’ ‘create_ti_method_definition.Rmd’
     ‘create_ti_method_r.Rmd’ ‘create_ti_method_wrappers.Rmd’
    
    Error: Vignette re-building failed.
    Execution halted
Flavor: r-patched-osx-x86_64

Version: 1.2.0
Check: package dependencies
Result: NOTE
    Package suggested but not available for checking: ‘dyndimred’
Flavor: r-release-osx-x86_64

Version: 1.2.0
Check: Rd cross-references
Result: NOTE
    Package unavailable to check Rd xrefs: ‘dyndimred’
Flavor: r-release-osx-x86_64

Version: 1.2.0
Check: tests
Result: ERROR
     Running ‘testthat.R’ [87s/86s]
    Running the tests in ‘tests/testthat.R’ failed.
    Last 13 lines of output:
     3. base::getExportedValue(pkg, name)
     4. base::asNamespace(ns)
     5. base::getNamespace(ns)
     6. base::loadNamespace(name)
     7. base::withRestarts(stop(cond), retry_loadNamespace = function() NULL)
     8. base:::withOneRestart(expr, restarts[[1L]])
     9. base:::doWithOneRestart(return(expr), restart)
    
     ══ testthat results ═══════════════════════════════════════════════════════════
     [ OK: 1269 | SKIPPED: 1 | WARNINGS: 6 | FAILED: 2 ]
     1. Error: Testing add_dimred including calculation of dimred (@test-wrap_add_dimred.R#110)
     2. Error: Test get_dimred (@test-wrap_add_dimred.R#278)
    
     Error: testthat unit tests failed
     Execution halted
Flavor: r-release-osx-x86_64