CRAN Package Check Results for Package effectsize

Last updated on 2020-01-24 02:47:51 CET.

Flavor Version Tinstall Tcheck Ttotal Status Flags
r-devel-linux-x86_64-debian-clang 0.0.1 6.66 60.51 67.17 ERROR
r-devel-linux-x86_64-debian-gcc 0.0.1 5.70 47.48 53.18 ERROR
r-devel-linux-x86_64-fedora-clang 0.0.1 88.60 ERROR
r-devel-linux-x86_64-fedora-gcc 0.0.1 84.16 ERROR
r-devel-windows-ix86+x86_64 0.0.1 20.00 130.00 150.00 OK
r-devel-windows-ix86+x86_64-gcc8 0.0.1 18.00 143.00 161.00 OK
r-patched-linux-x86_64 0.0.1 6.27 56.82 63.09 ERROR
r-patched-solaris-x86 0.0.1 95.50 ERROR
r-release-linux-x86_64 0.0.1 5.49 55.28 60.77 ERROR
r-release-windows-ix86+x86_64 0.0.1 14.00 94.00 108.00 OK
r-release-osx-x86_64 0.0.1 NOTE
r-oldrel-windows-ix86+x86_64 0.0.1 9.00 77.00 86.00 OK
r-oldrel-osx-x86_64 0.0.1 NOTE

Check Details

Version: 0.0.1
Check: package dependencies
Result: NOTE
    Package suggested but not available for checking: 'rstanarm'
Flavors: r-devel-linux-x86_64-debian-clang, r-devel-linux-x86_64-debian-gcc, r-devel-linux-x86_64-fedora-clang, r-devel-linux-x86_64-fedora-gcc, r-patched-linux-x86_64, r-patched-solaris-x86, r-release-linux-x86_64

Version: 0.0.1
Check: examples
Result: ERROR
    Running examples in 'effectsize-Ex.R' failed
    The error most likely occurred in:
    
    > base::assign(".ptime", proc.time(), pos = "CheckExEnv")
    > ### Name: convert_posteriors_to_r
    > ### Title: Convert posterior distributions from a Bayesian model
    > ### Aliases: convert_posteriors_to_r posteriors_to_r
    > ### convert_posteriors_to_t posteriors_to_t
    >
    > ### ** Examples
    >
    > library(rstanarm)
    Error in library(rstanarm) : there is no package called 'rstanarm'
    Execution halted
Flavors: r-devel-linux-x86_64-debian-clang, r-devel-linux-x86_64-debian-gcc, r-patched-linux-x86_64, r-release-linux-x86_64

Version: 0.0.1
Check: re-building of vignette outputs
Result: WARN
    Error(s) in re-building vignettes:
     ...
    --- re-building 'bayesian_models.Rmd' using rmarkdown
    Loading required package: MASS
    Quitting from lines 73-75 (bayesian_models.Rmd)
    Error: processing vignette 'bayesian_models.Rmd' failed with diagnostics:
    there is no package called 'rstanarm'
    --- failed re-building 'bayesian_models.Rmd'
    
    --- re-building 'convert.Rmd' using rmarkdown
    --- finished re-building 'convert.Rmd'
    
    --- re-building 'interpret.Rmd' using rmarkdown
    --- finished re-building 'interpret.Rmd'
    
    --- re-building 'standardize_data.Rmd' using rmarkdown
    --- finished re-building 'standardize_data.Rmd'
    
    --- re-building 'standardize_parameters.Rmd' using rmarkdown
    
    Attaching package: 'dplyr'
    
    The following objects are masked from 'package:stats':
    
     filter, lag
    
    The following objects are masked from 'package:base':
    
     intersect, setdiff, setequal, union
    
    Loading required package: MASS
    
    Attaching package: 'MASS'
    
    The following object is masked from 'package:dplyr':
    
     select
    
    --- finished re-building 'standardize_parameters.Rmd'
    
    SUMMARY: processing the following file failed:
     'bayesian_models.Rmd'
    
    Error: Vignette re-building failed.
    Execution halted
Flavors: r-devel-linux-x86_64-debian-clang, r-devel-linux-x86_64-debian-gcc, r-patched-linux-x86_64, r-release-linux-x86_64

Version: 0.0.1
Check: dependencies in R code
Result: NOTE
    Namespace in Imports field not imported from: ‘methods’
     All declared Imports should be used.
Flavors: r-devel-linux-x86_64-fedora-clang, r-devel-linux-x86_64-fedora-gcc, r-patched-solaris-x86, r-release-osx-x86_64, r-oldrel-osx-x86_64

Version: 0.0.1
Check: examples
Result: ERROR
    Running examples in ‘effectsize-Ex.R’ failed
    The error most likely occurred in:
    
    > ### Name: convert_posteriors_to_r
    > ### Title: Convert posterior distributions from a Bayesian model
    > ### Aliases: convert_posteriors_to_r posteriors_to_r
    > ### convert_posteriors_to_t posteriors_to_t
    >
    > ### ** Examples
    >
    > library(rstanarm)
    Error in library(rstanarm) : there is no package called ‘rstanarm’
    Execution halted
Flavors: r-devel-linux-x86_64-fedora-clang, r-devel-linux-x86_64-fedora-gcc, r-patched-solaris-x86

Version: 0.0.1
Check: re-building of vignette outputs
Result: WARN
    Error(s) in re-building vignettes:
    --- re-building ‘bayesian_models.Rmd’ using rmarkdown
    Loading required package: MASS
    Quitting from lines 73-75 (bayesian_models.Rmd)
    Error: processing vignette 'bayesian_models.Rmd' failed with diagnostics:
    there is no package called 'rstanarm'
    --- failed re-building ‘bayesian_models.Rmd’
    
    --- re-building ‘convert.Rmd’ using rmarkdown
    --- finished re-building ‘convert.Rmd’
    
    --- re-building ‘interpret.Rmd’ using rmarkdown
    --- finished re-building ‘interpret.Rmd’
    
    --- re-building ‘standardize_data.Rmd’ using rmarkdown
    --- finished re-building ‘standardize_data.Rmd’
    
    --- re-building ‘standardize_parameters.Rmd’ using rmarkdown
    
    Attaching package: 'dplyr'
    
    The following objects are masked from 'package:stats':
    
     filter, lag
    
    The following objects are masked from 'package:base':
    
     intersect, setdiff, setequal, union
    
    Loading required package: MASS
    
    Attaching package: 'MASS'
    
    The following object is masked from 'package:dplyr':
    
     select
    
    --- finished re-building ‘standardize_parameters.Rmd’
    
    SUMMARY: processing the following file failed:
     ‘bayesian_models.Rmd’
    
    Error: Vignette re-building failed.
    Execution halted
Flavors: r-devel-linux-x86_64-fedora-clang, r-devel-linux-x86_64-fedora-gcc

Version: 0.0.1
Check: re-building of vignette outputs
Result: WARN
    Error(s) in re-building vignettes:
     ...
    --- re-building ‘bayesian_models.Rmd’ using rmarkdown
    Warning in engine$weave(file, quiet = quiet, encoding = enc) :
     Pandoc (>= 1.12.3) and/or pandoc-citeproc not available. Falling back to R Markdown v1.
    Loading required package: MASS
    Quitting from lines 73-75 (bayesian_models.Rmd)
    Error: processing vignette 'bayesian_models.Rmd' failed with diagnostics:
    there is no package called 'rstanarm'
    --- failed re-building ‘bayesian_models.Rmd’
    
    --- re-building ‘convert.Rmd’ using rmarkdown
    Warning in engine$weave(file, quiet = quiet, encoding = enc) :
     Pandoc (>= 1.12.3) and/or pandoc-citeproc not available. Falling back to R Markdown v1.
    --- finished re-building ‘convert.Rmd’
    
    --- re-building ‘interpret.Rmd’ using rmarkdown
    Warning in engine$weave(file, quiet = quiet, encoding = enc) :
     Pandoc (>= 1.12.3) and/or pandoc-citeproc not available. Falling back to R Markdown v1.
    --- finished re-building ‘interpret.Rmd’
    
    --- re-building ‘standardize_data.Rmd’ using rmarkdown
    Warning in engine$weave(file, quiet = quiet, encoding = enc) :
     Pandoc (>= 1.12.3) and/or pandoc-citeproc not available. Falling back to R Markdown v1.
    --- finished re-building ‘standardize_data.Rmd’
    
    --- re-building ‘standardize_parameters.Rmd’ using rmarkdown
    Warning in engine$weave(file, quiet = quiet, encoding = enc) :
     Pandoc (>= 1.12.3) and/or pandoc-citeproc not available. Falling back to R Markdown v1.
    
    Attaching package: 'dplyr'
    
    The following objects are masked from 'package:stats':
    
     filter, lag
    
    The following objects are masked from 'package:base':
    
     intersect, setdiff, setequal, union
    
    Loading required package: MASS
    
    Attaching package: 'MASS'
    
    The following object is masked from 'package:dplyr':
    
     select
    
    --- finished re-building ‘standardize_parameters.Rmd’
    
    SUMMARY: processing the following file failed:
     ‘bayesian_models.Rmd’
    
    Error: Vignette re-building failed.
    Execution halted
Flavor: r-patched-solaris-x86