CRAN Package Check Results for Package effectsize

Last updated on 2020-08-14 03:47:41 CEST.

Flavor Version Tinstall Tcheck Ttotal Status Flags
r-devel-linux-x86_64-debian-clang 0.3.2 7.34 101.83 109.17 NOTE
r-devel-linux-x86_64-debian-gcc 0.3.2 5.74 76.93 82.67 OK
r-devel-linux-x86_64-fedora-clang 0.3.2 139.97 NOTE
r-devel-linux-x86_64-fedora-gcc 0.3.2 141.47 OK
r-devel-windows-ix86+x86_64 0.3.2 15.00 120.00 135.00 OK
r-patched-linux-x86_64 0.3.2 7.55 99.25 106.80 OK
r-patched-solaris-x86 0.3.2 172.90 OK
r-release-linux-x86_64 0.3.2 7.86 100.32 108.18 OK
r-release-macos-x86_64 0.3.2 OK
r-release-windows-ix86+x86_64 0.3.2 16.00 163.00 179.00 OK
r-oldrel-macos-x86_64 0.3.2 OK
r-oldrel-windows-ix86+x86_64 0.3.2 11.00 121.00 132.00 OK

Check Details

Version: 0.3.2
Check: package dependencies
Result: NOTE
    Package suggested but not available for checking: 'tidyr'
Flavor: r-devel-linux-x86_64-debian-clang

Version: 0.3.2
Check: Rd cross-references
Result: NOTE
    Undeclared package ‘lavaan’ in Rd xrefs
Flavor: r-devel-linux-x86_64-fedora-clang