CRAN Package Check Results for Package emdi

Last updated on 2019-09-20 15:47:01 CEST.

Flavor Version Tinstall Tcheck Ttotal Status Flags
r-devel-linux-x86_64-debian-clang 1.1.5 12.20 112.49 124.69 OK
r-devel-linux-x86_64-debian-gcc 1.1.5 10.54 87.13 97.67 OK
r-devel-linux-x86_64-fedora-clang 1.1.5 151.48 NOTE
r-devel-linux-x86_64-fedora-gcc 1.1.5 147.71 NOTE
r-devel-windows-ix86+x86_64 1.1.5 51.00 175.00 226.00 OK
r-patched-linux-x86_64 1.1.5 11.67 108.10 119.77 OK
r-patched-solaris-x86 1.1.5 211.70 NOTE
r-release-linux-x86_64 1.1.5 14.04 107.87 121.91 OK
r-release-windows-ix86+x86_64 1.1.5 31.00 134.00 165.00 OK
r-release-osx-x86_64 1.1.5 NOTE
r-oldrel-windows-ix86+x86_64 1.1.5 16.00 111.00 127.00 OK
r-oldrel-osx-x86_64 1.1.5 NOTE

Check Details

Version: 1.1.5
Check: dependencies in R code
Result: NOTE
    Namespaces in Imports field not imported from:
     ‘graphics’ ‘maptools’ ‘rgeos’
     All declared Imports should be used.
Flavors: r-devel-linux-x86_64-fedora-clang, r-devel-linux-x86_64-fedora-gcc, r-patched-solaris-x86, r-release-osx-x86_64, r-oldrel-osx-x86_64

Version: 1.1.5
Check: data for non-ASCII characters
Result: NOTE
     Note: found 24 marked Latin-1 strings
Flavors: r-devel-linux-x86_64-fedora-clang, r-devel-linux-x86_64-fedora-gcc, r-patched-solaris-x86, r-release-osx-x86_64, r-oldrel-osx-x86_64