CRAN Package Check Results for Package english

Last updated on 2019-09-21 03:48:22 CEST.

Flavor Version Tinstall Tcheck Ttotal Status Flags
r-devel-linux-x86_64-debian-clang 1.2-3 1.77 20.59 22.36 NOTE
r-devel-linux-x86_64-debian-gcc 1.2-3 1.51 17.05 18.56 NOTE
r-devel-linux-x86_64-fedora-clang 1.2-3 29.35 OK
r-devel-linux-x86_64-fedora-gcc 1.2-3 28.42 OK
r-devel-windows-ix86+x86_64 1.2-3 9.00 41.00 50.00 NOTE
r-patched-linux-x86_64 1.2-3 1.66 20.63 22.29 OK
r-patched-solaris-x86 1.2-3 39.20 OK
r-release-linux-x86_64 1.2-3 1.48 20.76 22.24 OK
r-release-windows-ix86+x86_64 1.2-3 5.00 43.00 48.00 OK
r-release-osx-x86_64 1.2-3 OK
r-oldrel-windows-ix86+x86_64 1.2-3 3.00 36.00 39.00 OK
r-oldrel-osx-x86_64 1.2-3 OK

Check Details

Version: 1.2-3
Check: package vignettes
Result: NOTE
    Package vignette with placeholder title 'Vignette Title':
     'the-english-patient.Rmd'
Flavors: r-devel-linux-x86_64-debian-clang, r-devel-linux-x86_64-debian-gcc, r-devel-windows-ix86+x86_64