CRAN Package Check Results for Package enrichwith

Last updated on 2020-09-29 03:48:20 CEST.

Flavor Version Tinstall Tcheck Ttotal Status Flags
r-devel-linux-x86_64-debian-clang 0.3.1 5.78 65.99 71.77 OK
r-devel-linux-x86_64-debian-gcc 0.3.1 4.17 47.42 51.59 OK
r-devel-linux-x86_64-fedora-clang 0.3.1 91.02 OK
r-devel-linux-x86_64-fedora-gcc 0.3.1 83.53 OK
r-devel-windows-ix86+x86_64 0.3.1 9.00 81.00 90.00 WARN
r-patched-linux-x86_64 0.3.1 5.51 62.30 67.81 OK
r-patched-solaris-x86 0.3.1 113.00 OK
r-release-linux-x86_64 0.3.1 5.77 63.81 69.58 OK
r-release-macos-x86_64 0.3.1 OK
r-release-windows-ix86+x86_64 0.3.1 18.00 86.00 104.00 OK
r-oldrel-macos-x86_64 0.3.1 OK
r-oldrel-windows-ix86+x86_64 0.3.1 8.00 85.00 93.00 OK

Check Details

Version: 0.3.1
Check: package dependencies
Result: NOTE
    Package suggested but not available for checking: 'brglm'
Flavor: r-devel-windows-ix86+x86_64

Version: 0.3.1
Check: re-building of vignette outputs
Result: WARN
    Error(s) in re-building vignettes:
    --- re-building 'GLMs.Rmd' using rmarkdown
    --- finished re-building 'GLMs.Rmd'
    
    --- re-building 'bias.Rmd' using rmarkdown
    Quitting from lines 66-70 (bias.Rmd)
    Error: processing vignette 'bias.Rmd' failed with diagnostics:
    there is no package called 'brglm'
    --- failed re-building 'bias.Rmd'
    
    --- re-building 'exponential_family.Rmd' using rmarkdown
    --- finished re-building 'exponential_family.Rmd'
    
    SUMMARY: processing the following file failed:
     'bias.Rmd'
    
    Error: Vignette re-building failed.
    Execution halted
Flavor: r-devel-windows-ix86+x86_64