CRAN Package Check Results for Package eplusr

Last updated on 2020-02-18 03:47:36 CET.

Flavor Version Tinstall Tcheck Ttotal Status Flags
r-devel-linux-x86_64-debian-clang 0.11.0 34.85 347.18 382.03 WARN
r-devel-linux-x86_64-debian-gcc 0.11.0 28.34 557.00 585.34 WARN
r-devel-linux-x86_64-fedora-clang 0.11.0 398.18 WARN
r-devel-linux-x86_64-fedora-gcc 0.11.0 441.69 WARN
r-devel-windows-ix86+x86_64 0.11.0 49.00 209.00 258.00 WARN
r-devel-windows-ix86+x86_64-gcc8 0.11.0 70.00 301.00 371.00 OK
r-patched-linux-x86_64 0.11.0 29.06 437.22 466.28 WARN
r-patched-solaris-x86 0.11.0 374.50 OK
r-release-linux-x86_64 0.11.0 28.70 410.62 439.32 WARN
r-release-windows-ix86+x86_64 0.11.0 42.00 201.00 243.00 WARN
r-release-osx-x86_64 0.11.0 OK
r-oldrel-windows-ix86+x86_64 0.11.0 33.00 218.00 251.00 OK
r-oldrel-osx-x86_64 0.11.0 OK

Check Details

Version: 0.11.0
Check: re-building of vignette outputs
Result: WARN
    Error(s) in re-building vignettes:
     ...
    --- re-building 'eplusr.Rmd' using rmarkdown
    trying URL 'https://github.com/NREL/EnergyPlus/releases/download/v8.8.0/EnergyPlus-8.8.0-7c3bbe4830-Linux-x86_64.tar.gz'
    Content type 'application/octet-stream' length 101420148 bytes (96.7 MB)
    ==================================================
    downloaded 96.7 MB
    
    Quitting from lines 137-138 (eplusr.Rmd)
    Error: processing vignette 'eplusr.Rmd' failed with diagnostics:
    Cannot find the file(s): "../man/figures/class_structure.png"
    --- failed re-building 'eplusr.Rmd'
    
    SUMMARY: processing the following file failed:
     'eplusr.Rmd'
    
    Error: Vignette re-building failed.
    Execution halted
Flavors: r-devel-linux-x86_64-debian-clang, r-devel-linux-x86_64-debian-gcc, r-patched-linux-x86_64, r-release-linux-x86_64

Version: 0.11.0
Check: re-building of vignette outputs
Result: WARN
    Error(s) in re-building vignettes:
    --- re-building ‘eplusr.Rmd’ using rmarkdown
    trying URL 'https://github.com/NREL/EnergyPlus/releases/download/v8.8.0/EnergyPlus-8.8.0-7c3bbe4830-Linux-x86_64.tar.gz'
    Content type 'application/octet-stream' length 101420148 bytes (96.7 MB)
    ==================================================
    downloaded 96.7 MB
    
    Quitting from lines 137-138 (eplusr.Rmd)
    Error: processing vignette 'eplusr.Rmd' failed with diagnostics:
    Cannot find the file(s): "../man/figures/class_structure.png"
    --- failed re-building ‘eplusr.Rmd’
    
    SUMMARY: processing the following file failed:
     ‘eplusr.Rmd’
    
    Error: Vignette re-building failed.
    Execution halted
Flavors: r-devel-linux-x86_64-fedora-clang, r-devel-linux-x86_64-fedora-gcc

Version: 0.11.0
Check: re-building of vignette outputs
Result: WARN
    Error(s) in re-building vignettes:
    --- re-building 'eplusr.Rmd' using rmarkdown
    Quitting from lines 137-138 (eplusr.Rmd)
    Error: processing vignette 'eplusr.Rmd' failed with diagnostics:
    Cannot find the file(s): "../man/figures/class_structure.png"
    --- failed re-building 'eplusr.Rmd'
    
    SUMMARY: processing the following file failed:
     'eplusr.Rmd'
    
    Error: Vignette re-building failed.
    Execution halted
Flavors: r-devel-windows-ix86+x86_64, r-release-windows-ix86+x86_64