CRAN Package Check Results for Package evaluate

Last updated on 2020-09-24 15:48:28 CEST.

Flavor Version Tinstall Tcheck Ttotal Status Flags
r-devel-linux-x86_64-debian-clang 0.14 2.41 27.25 29.66 OK
r-devel-linux-x86_64-debian-gcc 0.14 2.02 21.50 23.52 OK
r-devel-linux-x86_64-fedora-clang 0.14 44.82 OK
r-devel-linux-x86_64-fedora-gcc 0.14 35.27 OK
r-devel-windows-ix86+x86_64 0.14 6.00 42.00 48.00 OK
r-patched-linux-x86_64 0.14 2.27 26.40 28.67 OK
r-patched-solaris-x86 0.14 51.30 OK
r-release-linux-x86_64 0.14 1.91 26.16 28.07 OK
r-release-macos-x86_64 0.14 ERROR
r-release-windows-ix86+x86_64 0.14 6.00 48.00 54.00 OK
r-oldrel-macos-x86_64 0.14 OK
r-oldrel-windows-ix86+x86_64 0.14 4.00 49.00 53.00 OK

Check Details

Version: 0.14
Check: tests
Result: ERROR
     Running ‘test-all.R’ [3s/5s]
    Running the tests in ‘tests/test-all.R’ failed.
    Last 13 lines of output:
     [1] 5 - 4 == 1
    
     ── 4. Failure: ggplot2 plots in a single expression are captured (@test-graphics
     `x` not equal to `expected`.
     Lengths differ: 5 is not 4
    
     ══ testthat results ═══════════════════════════════════════════════════════════
     [ OK: 49 | SKIPPED: 1 | WARNINGS: 0 | FAILED: 4 ]
     1. Failure: ggplot is captured (@test-graphics.r#13)
     2. Failure: ggplot is captured (@test-graphics.r#15)
     3. Failure: ggplot2 plots in a single expression are captured (@test-graphics.r#47)
     4. Failure: ggplot2 plots in a single expression are captured (@test-graphics.r#49)
    
     Error: testthat unit tests failed
     Execution halted
Flavor: r-release-macos-x86_64