CRAN Package Check Results for Package evolqg

Last updated on 2019-09-16 15:47:03 CEST.

Flavor Version Tinstall Tcheck Ttotal Status Flags
r-devel-linux-x86_64-debian-clang 0.2-6 31.49 283.54 315.03 NOTE
r-devel-linux-x86_64-debian-gcc 0.2-6 26.90 209.29 236.19 NOTE
r-devel-linux-x86_64-fedora-clang 0.2-6 367.43 NOTE
r-devel-linux-x86_64-fedora-gcc 0.2-6 364.58 NOTE
r-devel-windows-ix86+x86_64 0.2-6 93.00 635.00 728.00 OK
r-patched-linux-x86_64 0.2-6 30.95 273.14 304.09 OK
r-patched-solaris-x86 0.2-6 495.80 NOTE
r-release-linux-x86_64 0.2-6 29.51 273.94 303.45 OK
r-release-windows-ix86+x86_64 0.2-6 60.00 457.00 517.00 OK
r-release-osx-x86_64 0.2-6 NOTE
r-oldrel-windows-ix86+x86_64 0.2-6 79.00 534.00 613.00 OK
r-oldrel-osx-x86_64 0.2-6 NOTE

Check Details

Version: 0.2-6
Check: for non-standard things in the check directory
Result: NOTE
    Found the following files/directories:
     'matrix.csv'
Flavors: r-devel-linux-x86_64-debian-clang, r-devel-linux-x86_64-debian-gcc, r-devel-linux-x86_64-fedora-clang, r-devel-linux-x86_64-fedora-gcc

Version: 0.2-6
Check: dependencies in R code
Result: NOTE
    Namespace in Imports field not imported from: ‘Rcpp’
     All declared Imports should be used.
Flavors: r-devel-linux-x86_64-fedora-clang, r-devel-linux-x86_64-fedora-gcc, r-patched-solaris-x86, r-release-osx-x86_64, r-oldrel-osx-x86_64