CRAN Package Check Results for Package expose

Last updated on 2020-05-27 03:48:31 CEST.

Flavor Version Tinstall Tcheck Ttotal Status Flags
r-devel-linux-x86_64-debian-clang 0.0.3 3.58 32.36 35.94 NOTE
r-devel-linux-x86_64-debian-gcc 0.0.3 2.97 26.38 29.35 NOTE
r-devel-linux-x86_64-fedora-clang 0.0.3 45.54 NOTE
r-devel-linux-x86_64-fedora-gcc 0.0.3 43.87 NOTE
r-devel-windows-ix86+x86_64 0.0.3 16.00 61.00 77.00 NOTE
r-patched-linux-x86_64 0.0.3 3.35 33.43 36.78 NOTE
r-patched-solaris-x86 0.0.3 70.70 NOTE
r-release-linux-x86_64 0.0.3 3.79 33.50 37.29 NOTE
r-release-osx-x86_64 0.0.3 NOTE
r-release-windows-ix86+x86_64 0.0.3 9.00 58.00 67.00 NOTE
r-oldrel-osx-x86_64 0.0.3 NOTE
r-oldrel-windows-ix86+x86_64 0.0.3 8.00 46.00 54.00 OK

Check Details

Version: 0.0.3
Check: package vignettes
Result: NOTE
    Package vignette with placeholder title 'Vignette Title':
     'Vignette.Rmd'
Flavors: r-devel-linux-x86_64-debian-clang, r-devel-linux-x86_64-debian-gcc, r-devel-windows-ix86+x86_64, r-patched-linux-x86_64, r-release-linux-x86_64, r-release-windows-ix86+x86_64

Version: 0.0.3
Check: dependencies in R code
Result: NOTE
    Namespaces in Imports field not imported from:
     ‘Matrix’ ‘RColorBrewer’ ‘Rcpp’ ‘e1071’ ‘foreach’ ‘gam’ ‘ggplot2’
     ‘glmnet’ ‘nnet’ ‘polspline’ ‘repmis’ ‘splines’ ‘xgboost’
     All declared Imports should be used.
Flavors: r-devel-linux-x86_64-fedora-clang, r-devel-linux-x86_64-fedora-gcc, r-patched-solaris-x86, r-release-osx-x86_64, r-oldrel-osx-x86_64