CRAN Package Check Results for Package extraDistr

Last updated on 2019-12-15 02:48:08 CET.

Flavor Version Tinstall Tcheck Ttotal Status Flags
r-devel-linux-x86_64-debian-clang 1.8.11 469.28 73.69 542.97 OK
r-devel-linux-x86_64-debian-gcc 1.8.11 284.26 56.81 341.07 OK
r-devel-linux-x86_64-fedora-clang 1.8.11 757.26 NOTE
r-devel-linux-x86_64-fedora-gcc 1.8.11 670.04 OK
r-devel-windows-ix86+x86_64 1.8.11 863.00 208.00 1071.00 OK
r-devel-windows-ix86+x86_64-gcc8 1.8.11 843.00 204.00 1047.00 OK
r-patched-linux-x86_64 1.8.11 342.89 68.41 411.30 OK
r-patched-solaris-x86 1.8.11 568.60 OK
r-release-linux-x86_64 1.8.11 339.43 67.30 406.73 OK
r-release-windows-ix86+x86_64 1.8.11 1146.00 157.00 1303.00 OK
r-release-osx-x86_64 1.8.11 NOTE
r-oldrel-windows-ix86+x86_64 1.8.11 844.00 149.00 993.00 OK
r-oldrel-osx-x86_64 1.8.11 NOTE

Check Details

Version: 1.8.11
Check: installed package size
Result: NOTE
     installed size is 14.8Mb
     sub-directories of 1Mb or more:
     libs 14.4Mb
Flavors: r-devel-linux-x86_64-fedora-clang, r-release-osx-x86_64, r-oldrel-osx-x86_64