CRAN Package Check Results for Package extraDistr

Last updated on 2020-07-15 03:46:42 CEST.

Flavor Version Tinstall Tcheck Ttotal Status Flags
r-devel-linux-x86_64-debian-clang 1.8.11 503.27 75.31 578.58 OK
r-devel-linux-x86_64-debian-gcc 1.8.11 336.36 57.54 393.90 OK
r-devel-linux-x86_64-fedora-clang 1.8.11 815.68 NOTE
r-devel-linux-x86_64-fedora-gcc 1.8.11 700.39 OK
r-devel-windows-ix86+x86_64 1.8.11 1139.00 202.00 1341.00 OK
r-patched-linux-x86_64 1.8.11 364.50 72.85 437.35 OK
r-patched-solaris-x86 1.8.11 575.30 OK
r-release-linux-x86_64 1.8.11 362.53 72.84 435.37 OK
r-release-macos-x86_64 1.8.11 ERROR
r-release-windows-ix86+x86_64 1.8.11 1142.00 162.00 1304.00 OK
r-oldrel-macos-x86_64 1.8.11 NOTE
r-oldrel-windows-ix86+x86_64 1.8.11 951.00 198.00 1149.00 OK

Check Details

Version: 1.8.11
Check: installed package size
Result: NOTE
     installed size is 18.2Mb
     sub-directories of 1Mb or more:
     libs 17.8Mb
Flavors: r-devel-linux-x86_64-fedora-clang, r-oldrel-macos-x86_64

Version: 1.8.11
Check: whether package can be installed
Result: ERROR
    Installation failed.
Flavor: r-release-macos-x86_64