CRAN Package Check Results for Package eyetrackingR

Last updated on 2020-02-26 05:47:07 CET.

Flavor Version Tinstall Tcheck Ttotal Status Flags
r-devel-linux-x86_64-debian-clang 0.1.8 9.78 378.40 388.18 OK
r-devel-linux-x86_64-debian-gcc 0.1.8 7.91 283.57 291.48 OK
r-devel-linux-x86_64-fedora-clang 0.1.8 461.89 OK
r-devel-linux-x86_64-fedora-gcc 0.1.8 431.25 OK
r-devel-windows-ix86+x86_64 0.1.8 23.00 344.00 367.00 NOTE
r-devel-windows-ix86+x86_64-gcc8 0.1.8 22.00 358.00 380.00 NOTE
r-patched-linux-x86_64 0.1.8 7.87 328.13 336.00 OK
r-patched-solaris-x86 0.1.8 596.10 OK
r-release-linux-x86_64 0.1.8 8.03 328.96 336.99 OK
r-release-windows-ix86+x86_64 0.1.8 16.00 317.00 333.00 NOTE
r-release-osx-x86_64 0.1.8 OK
r-oldrel-windows-ix86+x86_64 0.1.8 11.00 361.00 372.00 NOTE
r-oldrel-osx-x86_64 0.1.8 OK

Check Details

Version: 0.1.8
Check: package dependencies
Result: NOTE
    Package suggested but not available for checking: 'doMC'
Flavors: r-devel-windows-ix86+x86_64, r-devel-windows-ix86+x86_64-gcc8, r-release-windows-ix86+x86_64, r-oldrel-windows-ix86+x86_64