CRAN Package Check Results for Package eyetrackingR

Last updated on 2019-09-19 03:48:09 CEST.

Flavor Version Tinstall Tcheck Ttotal Status Flags
r-devel-linux-x86_64-debian-clang 0.1.8 8.33 321.62 329.95 OK
r-devel-linux-x86_64-debian-gcc 0.1.8 6.85 251.19 258.04 OK
r-devel-linux-x86_64-fedora-clang 0.1.8 371.71 OK
r-devel-linux-x86_64-fedora-gcc 0.1.8 379.07 OK
r-devel-windows-ix86+x86_64 0.1.8 21.00 413.00 434.00 NOTE
r-patched-linux-x86_64 0.1.8 7.99 314.14 322.13 OK
r-patched-solaris-x86 0.1.8 560.90 OK
r-release-linux-x86_64 0.1.8 7.68 314.27 321.95 OK
r-release-windows-ix86+x86_64 0.1.8 17.00 394.00 411.00 NOTE
r-release-osx-x86_64 0.1.8 OK
r-oldrel-windows-ix86+x86_64 0.1.8 14.00 310.00 324.00 NOTE
r-oldrel-osx-x86_64 0.1.8 OK

Check Details

Version: 0.1.8
Check: package dependencies
Result: NOTE
    Package suggested but not available for checking: 'doMC'
Flavors: r-devel-windows-ix86+x86_64, r-release-windows-ix86+x86_64, r-oldrel-windows-ix86+x86_64