CRAN Package Check Results for Package fBasics

Last updated on 2020-09-29 15:47:33 CEST.

Flavor Version Tinstall Tcheck Ttotal Status Flags
r-devel-linux-x86_64-debian-clang 3042.89.1 74.09 169.57 243.66 OK
r-devel-linux-x86_64-debian-gcc 3042.89.1 60.75 129.35 190.10 OK
r-devel-linux-x86_64-fedora-clang 3042.89.1 298.63 NOTE
r-devel-linux-x86_64-fedora-gcc 3042.89.1 272.31 NOTE
r-devel-windows-ix86+x86_64 3042.89.1 113.00 232.00 345.00 OK
r-patched-linux-x86_64 3042.89.1 70.43 156.98 227.41 OK
r-patched-solaris-x86 3042.89.1 413.80 OK
r-release-linux-x86_64 3042.89.1 69.38 157.30 226.68 OK
r-release-macos-x86_64 3042.89.1 OK
r-release-windows-ix86+x86_64 3042.89.1 119.00 218.00 337.00 OK
r-oldrel-macos-x86_64 3042.89.1 NOTE
r-oldrel-windows-ix86+x86_64 3042.89.1 134.00 223.00 357.00 OK

Check Details

Version: 3042.89.1
Check: compiled code
Result: NOTE
    File ‘fBasics/libs/fBasics.so’:
     Found no calls to: ‘R_registerRoutines’, ‘R_useDynamicSymbols’
    
    It is good practice to register native routines and to disable symbol
    search.
    
    See ‘Writing portable packages’ in the ‘Writing R Extensions’ manual.
Flavors: r-devel-linux-x86_64-fedora-clang, r-devel-linux-x86_64-fedora-gcc

Version: 3042.89.1
Check: dependencies in R code
Result: NOTE
    No protocol specified
    No protocol specified
Flavor: r-oldrel-macos-x86_64