CRAN Package Check Results for Package fNonlinear

Last updated on 2019-09-23 03:48:57 CEST.

Flavor Version Tinstall Tcheck Ttotal Status Flags
r-devel-linux-x86_64-debian-clang 3042.79 6.64 68.97 75.61 OK
r-devel-linux-x86_64-debian-gcc 3042.79 5.43 52.19 57.62 OK
r-devel-linux-x86_64-fedora-clang 3042.79 89.82 NOTE
r-devel-linux-x86_64-fedora-gcc 3042.79 85.96 NOTE
r-devel-windows-ix86+x86_64 3042.79 21.00 159.00 180.00 OK
r-patched-linux-x86_64 3042.79 5.01 66.04 71.05 OK
r-patched-solaris-x86 3042.79 126.00 OK
r-release-linux-x86_64 3042.79 6.11 65.12 71.23 OK
r-release-windows-ix86+x86_64 3042.79 23.00 155.00 178.00 OK
r-release-osx-x86_64 3042.79 OK
r-oldrel-windows-ix86+x86_64 3042.79 11.00 120.00 131.00 OK
r-oldrel-osx-x86_64 3042.79 OK

Check Details

Version: 3042.79
Check: compiled code
Result: NOTE
    File ‘fNonlinear/libs/fNonlinear.so’:
     Found no calls to: ‘R_registerRoutines’, ‘R_useDynamicSymbols’
    
    It is good practice to register native routines and to disable symbol
    search.
    
    See ‘Writing portable packages’ in the ‘Writing R Extensions’ manual.
Flavors: r-devel-linux-x86_64-fedora-clang, r-devel-linux-x86_64-fedora-gcc