CRAN Package Check Results for Package fNonlinear

Last updated on 2020-02-21 14:47:01 CET.

Flavor Version Tinstall Tcheck Ttotal Status Flags
r-devel-linux-x86_64-debian-clang 3042.79 8.28 76.64 84.92 OK
r-devel-linux-x86_64-debian-gcc 3042.79 5.46 56.04 61.50 OK
r-devel-linux-x86_64-fedora-clang 3042.79 99.53 NOTE
r-devel-linux-x86_64-fedora-gcc 3042.79 96.75 NOTE
r-devel-windows-ix86+x86_64 3042.79 15.00 119.00 134.00 OK
r-devel-windows-ix86+x86_64-gcc8 3042.79 22.00 159.00 181.00 OK
r-patched-linux-x86_64 3042.79 6.39 65.61 72.00 OK
r-patched-solaris-x86 3042.79 125.80 OK
r-release-linux-x86_64 3042.79 5.76 65.52 71.28 OK
r-release-windows-ix86+x86_64 3042.79 15.00 122.00 137.00 OK
r-release-osx-x86_64 3042.79 OK
r-oldrel-windows-ix86+x86_64 3042.79 10.00 129.00 139.00 OK
r-oldrel-osx-x86_64 3042.79 OK

Check Details

Version: 3042.79
Check: compiled code
Result: NOTE
    File ‘fNonlinear/libs/fNonlinear.so’:
     Found no calls to: ‘R_registerRoutines’, ‘R_useDynamicSymbols’
    
    It is good practice to register native routines and to disable symbol
    search.
    
    See ‘Writing portable packages’ in the ‘Writing R Extensions’ manual.
Flavors: r-devel-linux-x86_64-fedora-clang, r-devel-linux-x86_64-fedora-gcc