CRAN Package Check Results for Package facilitation

Last updated on 2019-09-19 03:48:09 CEST.

Flavor Version Tinstall Tcheck Ttotal Status Flags
r-devel-linux-x86_64-debian-clang 0.5.2 43.90 68.85 112.75 NOTE
r-devel-linux-x86_64-debian-gcc 0.5.2 36.39 55.45 91.84 NOTE
r-devel-linux-x86_64-fedora-clang 0.5.2 159.92 NOTE
r-devel-linux-x86_64-fedora-gcc 0.5.2 147.40 NOTE
r-devel-windows-ix86+x86_64 0.5.2 147.00 122.00 269.00 OK
r-patched-linux-x86_64 0.5.2 39.91 67.12 107.03 OK
r-patched-solaris-x86 0.5.2 179.80 OK
r-release-linux-x86_64 0.5.2 42.83 66.99 109.82 OK
r-release-windows-ix86+x86_64 0.5.2 95.00 111.00 206.00 OK
r-release-osx-x86_64 0.5.2 OK
r-oldrel-windows-ix86+x86_64 0.5.2 86.00 113.00 199.00 OK
r-oldrel-osx-x86_64 0.5.2 OK

Check Details

Version: 0.5.2
Check: for non-standard things in the check directory
Result: NOTE
    Found the following files/directories:
     'facilitationmovie.gif' 'ts.gif'
Flavors: r-devel-linux-x86_64-debian-clang, r-devel-linux-x86_64-debian-gcc, r-devel-linux-x86_64-fedora-clang, r-devel-linux-x86_64-fedora-gcc