CRAN Package Check Results for Package facilitation

Last updated on 2020-07-10 03:47:17 CEST.

Flavor Version Tinstall Tcheck Ttotal Status Flags
r-devel-linux-x86_64-debian-clang 0.5.2 56.50 79.83 136.33 NOTE
r-devel-linux-x86_64-debian-gcc 0.5.2 40.55 59.32 99.87 NOTE
r-devel-linux-x86_64-fedora-clang 0.5.2 188.22 NOTE
r-devel-linux-x86_64-fedora-gcc 0.5.2 161.73 NOTE
r-devel-windows-ix86+x86_64 0.5.2 102.00 133.00 235.00 OK
r-patched-linux-x86_64 0.5.2 43.05 75.12 118.17 NOTE
r-patched-solaris-x86 0.5.2 191.00 NOTE
r-release-linux-x86_64 0.5.2 44.09 75.06 119.15 NOTE
r-release-osx-x86_64 0.5.2 OK
r-release-windows-ix86+x86_64 0.5.2 98.00 160.00 258.00 OK
r-oldrel-osx-x86_64 0.5.2 OK
r-oldrel-windows-ix86+x86_64 0.5.2 135.00 122.00 257.00 OK

Check Details

Version: 0.5.2
Check: for non-standard things in the check directory
Result: NOTE
    Found the following files/directories:
     'facilitationmovie.gif' 'ts.gif'
Flavors: r-devel-linux-x86_64-debian-clang, r-devel-linux-x86_64-debian-gcc, r-devel-linux-x86_64-fedora-clang, r-devel-linux-x86_64-fedora-gcc, r-patched-linux-x86_64, r-patched-solaris-x86, r-release-linux-x86_64