CRAN Package Check Results for Package facilitation

Last updated on 2019-11-20 14:48:33 CET.

Flavor Version Tinstall Tcheck Ttotal Status Flags
r-devel-linux-x86_64-debian-clang 0.5.2 53.40 71.47 124.87 NOTE
r-devel-linux-x86_64-debian-gcc 0.5.2 35.64 57.16 92.80 NOTE
r-devel-linux-x86_64-fedora-clang 0.5.2 169.92 NOTE
r-devel-linux-x86_64-fedora-gcc 0.5.2 150.86 NOTE
r-devel-windows-ix86+x86_64 0.5.2 131.00 157.00 288.00 OK
r-devel-windows-ix86+x86_64-gcc8 0.5.2 137.00 119.00 256.00 OK
r-patched-linux-x86_64 0.5.2 41.63 68.90 110.53 OK
r-patched-solaris-x86 0.5.2 178.90 OK
r-release-linux-x86_64 0.5.2 42.10 68.95 111.05 OK
r-release-windows-ix86+x86_64 0.5.2 144.00 151.00 295.00 OK
r-release-osx-x86_64 0.5.2 OK
r-oldrel-windows-ix86+x86_64 0.5.2 123.00 111.00 234.00 OK
r-oldrel-osx-x86_64 0.5.2 OK

Check Details

Version: 0.5.2
Check: for non-standard things in the check directory
Result: NOTE
    Found the following files/directories:
     'facilitationmovie.gif' 'ts.gif'
Flavors: r-devel-linux-x86_64-debian-clang, r-devel-linux-x86_64-debian-gcc, r-devel-linux-x86_64-fedora-clang, r-devel-linux-x86_64-fedora-gcc