CRAN Package Check Results for Package fhidata

Last updated on 2020-07-08 03:47:43 CEST.

Flavor Version Tinstall Tcheck Ttotal Status Flags
r-devel-linux-x86_64-debian-clang 2019.8.27 12.30 59.59 71.89 NOTE
r-devel-linux-x86_64-debian-gcc 2019.8.27 12.43 46.13 58.56 NOTE
r-devel-linux-x86_64-fedora-clang 2019.8.27 96.71 NOTE
r-devel-linux-x86_64-fedora-gcc 2019.8.27 86.59 NOTE
r-devel-windows-ix86+x86_64 2019.8.27 22.00 73.00 95.00 NOTE
r-patched-linux-x86_64 2019.8.27 12.40 56.81 69.21 NOTE
r-patched-solaris-x86 2019.8.27 142.60 NOTE
r-release-linux-x86_64 2019.8.27 12.40 55.73 68.13 NOTE
r-release-osx-x86_64 2019.8.27 NOTE
r-release-windows-ix86+x86_64 2019.8.27 22.00 85.00 107.00 NOTE
r-oldrel-osx-x86_64 2019.8.27 NOTE
r-oldrel-windows-ix86+x86_64 2019.8.27 21.00 94.00 115.00 NOTE

Check Details

Version: 2019.8.27
Check: package dependencies
Result: NOTE
    Package suggested but not available for checking: 'SDMTools'
Flavors: r-devel-linux-x86_64-debian-clang, r-devel-linux-x86_64-debian-gcc, r-devel-linux-x86_64-fedora-clang, r-devel-linux-x86_64-fedora-gcc, r-patched-linux-x86_64, r-patched-solaris-x86, r-release-linux-x86_64, r-release-osx-x86_64

Version: 2019.8.27
Check: installed package size
Result: NOTE
     installed size is 6.7Mb
     sub-directories of 1Mb or more:
     data 6.3Mb
Flavors: r-devel-linux-x86_64-fedora-clang, r-devel-windows-ix86+x86_64, r-patched-solaris-x86, r-release-osx-x86_64, r-release-windows-ix86+x86_64, r-oldrel-osx-x86_64, r-oldrel-windows-ix86+x86_64

Version: 2019.8.27
Check: data for non-ASCII characters
Result: NOTE
     Note: found 5077 marked UTF-8 strings
Flavors: r-devel-linux-x86_64-fedora-clang, r-devel-linux-x86_64-fedora-gcc, r-patched-solaris-x86, r-release-osx-x86_64, r-oldrel-osx-x86_64