Last updated on 2019-12-05 14:48:44 CET.
Flavor | Version | Tinstall | Tcheck | Ttotal | Status | Flags |
---|---|---|---|---|---|---|
r-devel-linux-x86_64-debian-clang | 2019.8.27 | 12.33 | 67.60 | 79.93 | OK | |
r-devel-linux-x86_64-debian-gcc | 2019.8.27 | 11.02 | 51.45 | 62.47 | OK | |
r-devel-linux-x86_64-fedora-clang | 2019.8.27 | 95.12 | NOTE | |||
r-devel-linux-x86_64-fedora-gcc | 2019.8.27 | 98.66 | NOTE | |||
r-devel-windows-ix86+x86_64 | 2019.8.27 | 17.00 | 105.00 | 122.00 | NOTE | |
r-devel-windows-ix86+x86_64-gcc8 | 2019.8.27 | 23.00 | 76.00 | 99.00 | NOTE | |
r-patched-linux-x86_64 | 2019.8.27 | 11.41 | 62.91 | 74.32 | OK | |
r-patched-solaris-x86 | 2019.8.27 | 152.90 | NOTE | |||
r-release-linux-x86_64 | 2019.8.27 | 12.34 | 62.15 | 74.49 | OK | |
r-release-windows-ix86+x86_64 | 2019.8.27 | 24.00 | 74.00 | 98.00 | NOTE | |
r-release-osx-x86_64 | 2019.8.27 | NOTE | ||||
r-oldrel-windows-ix86+x86_64 | 2019.8.27 | 15.00 | 105.00 | 120.00 | NOTE | |
r-oldrel-osx-x86_64 | 2019.8.27 | NOTE |
Version: 2019.8.27
Check: installed package size
Result: NOTE
installed size is 6.7Mb
sub-directories of 1Mb or more:
data 6.3Mb
Flavors: r-devel-linux-x86_64-fedora-clang, r-devel-windows-ix86+x86_64, r-devel-windows-ix86+x86_64-gcc8, r-patched-solaris-x86, r-release-windows-ix86+x86_64, r-release-osx-x86_64, r-oldrel-windows-ix86+x86_64, r-oldrel-osx-x86_64
Version: 2019.8.27
Check: data for non-ASCII characters
Result: NOTE
Note: found 5077 marked UTF-8 strings
Flavors: r-devel-linux-x86_64-fedora-clang, r-devel-linux-x86_64-fedora-gcc, r-patched-solaris-x86, r-release-osx-x86_64, r-oldrel-osx-x86_64