CRAN Package Check Results for Package fic

Last updated on 2020-05-30 15:48:19 CEST.

Flavor Version Tinstall Tcheck Ttotal Status Flags
r-devel-linux-x86_64-debian-clang 1.0.0 10.40 183.19 193.59 OK
r-devel-linux-x86_64-debian-gcc 1.0.0 8.79 134.53 143.32 OK
r-devel-linux-x86_64-fedora-clang 1.0.0 252.88 NOTE
r-devel-linux-x86_64-fedora-gcc 1.0.0 226.18 NOTE
r-devel-windows-ix86+x86_64 1.0.0 31.00 334.00 365.00 OK
r-patched-linux-x86_64 1.0.0 9.40 176.30 185.70 OK
r-patched-solaris-x86 1.0.0 319.00 NOTE
r-release-linux-x86_64 1.0.0 9.46 171.91 181.37 OK
r-release-osx-x86_64 1.0.0 NOTE
r-release-windows-ix86+x86_64 1.0.0 22.00 298.00 320.00 OK
r-oldrel-osx-x86_64 1.0.0 NOTE
r-oldrel-windows-ix86+x86_64 1.0.0 21.00 216.00 237.00 OK

Check Details

Version: 1.0.0
Check: dependencies in R code
Result: NOTE
    Namespace in Imports field not imported from: ‘numDeriv’
     All declared Imports should be used.
Flavors: r-devel-linux-x86_64-fedora-clang, r-devel-linux-x86_64-fedora-gcc, r-patched-solaris-x86, r-release-osx-x86_64, r-oldrel-osx-x86_64