CRAN Package Check Results for Package fic

Last updated on 2019-10-23 15:47:26 CEST.

Flavor Version Tinstall Tcheck Ttotal Status Flags
r-devel-linux-x86_64-debian-clang 1.0.0 9.48 162.65 172.13 OK
r-devel-linux-x86_64-debian-gcc 1.0.0 7.73 124.83 132.56 OK
r-devel-linux-x86_64-fedora-clang 1.0.0 206.25 NOTE
r-devel-linux-x86_64-fedora-gcc 1.0.0 202.24 NOTE
r-devel-windows-ix86+x86_64 1.0.0 19.00 274.00 293.00 OK
r-patched-linux-x86_64 1.0.0 8.74 155.96 164.70 OK
r-patched-solaris-x86 1.0.0 288.20 NOTE
r-release-linux-x86_64 1.0.0 8.88 158.09 166.97 OK
r-release-windows-ix86+x86_64 1.0.0 29.00 202.00 231.00 OK
r-release-osx-x86_64 1.0.0 NOTE
r-oldrel-windows-ix86+x86_64 1.0.0 17.00 269.00 286.00 OK
r-oldrel-osx-x86_64 1.0.0 NOTE

Check Details

Version: 1.0.0
Check: dependencies in R code
Result: NOTE
    Namespace in Imports field not imported from: ‘numDeriv’
     All declared Imports should be used.
Flavors: r-devel-linux-x86_64-fedora-clang, r-devel-linux-x86_64-fedora-gcc, r-patched-solaris-x86, r-release-osx-x86_64, r-oldrel-osx-x86_64