CRAN Package Check Results for Package fitbitScraper

Last updated on 2020-04-04 03:51:18 CEST.

Flavor Version Tinstall Tcheck Ttotal Status Flags
r-devel-linux-x86_64-debian-clang 0.1.8 2.36 20.04 22.40 OK --no-vignettes
r-devel-linux-x86_64-debian-gcc 0.1.8 1.79 16.12 17.91 OK --no-vignettes
r-devel-linux-x86_64-fedora-clang 0.1.8 28.44 OK --no-vignettes
r-devel-linux-x86_64-fedora-gcc 0.1.8 27.36 OK --no-vignettes
r-devel-windows-ix86+x86_64 0.1.8 6.00 44.00 50.00 OK --no-vignettes
r-devel-windows-ix86+x86_64-gcc8 0.1.8 5.00 36.00 41.00 OK --no-vignettes
r-patched-linux-x86_64 0.1.8 2.14 19.96 22.10 OK --no-vignettes
r-patched-solaris-x86 0.1.8 45.30 OK --no-vignettes
r-release-linux-x86_64 0.1.8 1.65 18.59 20.24 OK --no-vignettes
r-release-windows-ix86+x86_64 0.1.8 4.00 42.00 46.00 OK --no-vignettes
r-release-osx-x86_64 0.1.8 WARN
r-oldrel-windows-ix86+x86_64 0.1.8 3.00 27.00 30.00 OK --no-vignettes
r-oldrel-osx-x86_64 0.1.8 WARN

Check Details

Version: 0.1.8
Check: re-building of vignette outputs
Result: WARN
    Error(s) in re-building vignettes:
     ...
    --- re-building ‘fitbitScraper-examples.Rmd’ using rmarkdown
    Warning in engine$weave(file, quiet = quiet, encoding = enc) :
     Pandoc (>= 1.12.3) and/or pandoc-citeproc not available. Falling back to R Markdown v1.
    Quitting from lines 22-24 (fitbitScraper-examples.Rmd)
    Error: processing vignette 'fitbitScraper-examples.Rmd' failed with diagnostics:
    login failed
    --- failed re-building ‘fitbitScraper-examples.Rmd’
    
    SUMMARY: processing the following file failed:
     ‘fitbitScraper-examples.Rmd’
    
    Error: Vignette re-building failed.
    Execution halted
Flavor: r-release-osx-x86_64

Version: 0.1.8
Check: re-building of vignette outputs
Result: WARN
    Error in re-building vignettes:
     ...
    Warning in engine$weave(file, quiet = quiet, encoding = enc) :
     Pandoc (>= 1.12.3) and/or pandoc-citeproc not available. Falling back to R Markdown v1.
    Quitting from lines 22-24 (fitbitScraper-examples.Rmd)
    Error: processing vignette 'fitbitScraper-examples.Rmd' failed with diagnostics:
    login failed
    Execution halted
Flavor: r-oldrel-osx-x86_64