CRAN Package Check Results for Package fmri

Last updated on 2020-04-09 03:47:42 CEST.

Flavor Version Tinstall Tcheck Ttotal Status Flags
r-devel-linux-x86_64-debian-clang 1.9.3 19.40 107.14 126.54 OK
r-devel-linux-x86_64-debian-gcc 1.9.3 15.50 82.15 97.65 OK
r-devel-linux-x86_64-fedora-clang 1.9.3 154.43 OK
r-devel-linux-x86_64-fedora-gcc 1.9.3 152.42 OK
r-devel-windows-ix86+x86_64 1.9.3 12.00 7.00 19.00 ERROR
r-devel-windows-ix86+x86_64-gcc8 1.9.3 35.00 142.00 177.00 OK
r-patched-linux-x86_64 1.9.3 20.31 105.90 126.21 OK
r-patched-solaris-x86 1.9.3 209.30 OK
r-release-linux-x86_64 1.9.3 16.27 95.90 112.17 OK
r-release-windows-ix86+x86_64 1.9.3 36.00 183.00 219.00 OK
r-release-osx-x86_64 1.9.3 NOTE
r-oldrel-windows-ix86+x86_64 1.9.3 41.00 126.00 167.00 OK
r-oldrel-osx-x86_64 1.9.3 NOTE

Check Details

Version: 1.9.3
Check: package dependencies
Result: ERROR
    Package required and available but unsuitable version: 'aws'
    
    See section 'The DESCRIPTION file' in the 'Writing R Extensions'
    manual.
Flavor: r-devel-windows-ix86+x86_64

Version: 1.9.3
Check: dependencies in R code
Result: NOTE
    No protocol specified
    No protocol specified
    No protocol specified
    No protocol specified
Flavors: r-release-osx-x86_64, r-oldrel-osx-x86_64