CRAN Package Check Results for Package foreach

Last updated on 2020-03-30 15:49:13 CEST.

Flavor Version Tinstall Tcheck Ttotal Status Flags
r-devel-linux-x86_64-debian-clang 1.4.8 2.47 52.44 54.91 OK
r-devel-linux-x86_64-debian-gcc 1.4.8 2.20 40.07 42.27 OK
r-devel-linux-x86_64-fedora-clang 1.4.8 64.83 OK
r-devel-linux-x86_64-fedora-gcc 1.5.0 61.06 OK
r-devel-windows-ix86+x86_64 1.4.8 8.00 137.00 145.00 NOTE
r-devel-windows-ix86+x86_64-gcc8 1.4.8 8.00 145.00 153.00 NOTE
r-patched-linux-x86_64 1.4.8 3.13 50.54 53.67 OK
r-patched-solaris-x86 1.4.8 99.80 OK
r-release-linux-x86_64 1.4.8 2.51 46.18 48.69 OK
r-release-windows-ix86+x86_64 1.4.8 8.00 160.00 168.00 NOTE
r-release-osx-x86_64 1.4.8 OK
r-oldrel-windows-ix86+x86_64 1.4.8 6.00 170.00 176.00 NOTE
r-oldrel-osx-x86_64 1.4.8 OK

Check Details

Version: 1.4.8
Check: package dependencies
Result: NOTE
    Package suggested but not available for checking: 'doMC'
Flavors: r-devel-windows-ix86+x86_64, r-devel-windows-ix86+x86_64-gcc8, r-release-windows-ix86+x86_64, r-oldrel-windows-ix86+x86_64