CRAN Package Check Results for Package foreign

Last updated on 2019-12-11 14:47:23 CET.

Flavor Version Tinstall Tcheck Ttotal Status Flags
r-devel-linux-x86_64-debian-clang 0.8-72 9.67 33.63 43.30 OK
r-devel-linux-x86_64-debian-gcc 0.8-72 5.92 26.28 32.20 OK
r-devel-linux-x86_64-fedora-clang 0.8-72 54.62 OK
r-devel-linux-x86_64-fedora-gcc 0.8-72 54.77 OK
r-devel-windows-ix86+x86_64 0.8-72 2.00 7.00 9.00 ERROR
r-devel-windows-ix86+x86_64-gcc8 0.8-72 29.00 65.00 94.00 OK
r-patched-linux-x86_64 0.8-72 7.37 30.85 38.22 OK
r-patched-solaris-x86 0.8-72 OK
r-release-linux-x86_64 0.8-72 5.41 30.91 36.32 OK
r-release-windows-ix86+x86_64 0.8-72 26.00 60.00 86.00 OK
r-release-osx-x86_64 0.8-72 OK
r-oldrel-windows-ix86+x86_64 0.8-72 26.00 56.00 82.00 OK
r-oldrel-osx-x86_64 0.8-72 OK

Check Details

Version: 0.8-72
Check: whether package can be installed
Result: ERROR
    Installation failed.
Flavor: r-devel-windows-ix86+x86_64