CRAN Package Check Results for Package frequencyConnectedness

Last updated on 2020-07-15 03:46:43 CEST.

Flavor Version Tinstall Tcheck Ttotal Status Flags
r-devel-linux-x86_64-debian-clang 0.2.2 5.41 72.88 78.29 OK
r-devel-linux-x86_64-debian-gcc 0.2.2 3.57 56.86 60.43 OK
r-devel-linux-x86_64-fedora-clang 0.2.2 99.57 OK
r-devel-linux-x86_64-fedora-gcc 0.2.2 93.73 OK
r-devel-windows-ix86+x86_64 0.2.2 15.00 109.00 124.00 OK
r-patched-linux-x86_64 0.2.2 4.65 72.26 76.91 OK
r-patched-solaris-x86 0.2.2 144.70 OK
r-release-linux-x86_64 0.2.2 4.89 71.69 76.58 OK
r-release-macos-x86_64 0.2.2 ERROR
r-release-windows-ix86+x86_64 0.2.2 18.00 83.00 101.00 OK
r-oldrel-macos-x86_64 0.2.2 OK
r-oldrel-windows-ix86+x86_64 0.2.2 13.00 109.00 122.00 OK

Check Details

Version: 0.2.2
Check: whether package can be installed
Result: ERROR
    Installation failed.
Flavor: r-release-macos-x86_64