CRAN Package Check Results for Package frmqa

Last updated on 2020-09-30 03:47:29 CEST.

Flavor Version Tinstall Tcheck Ttotal Status Flags
r-devel-linux-x86_64-debian-clang 0.1-5 5.58 38.93 44.51 NOTE
r-devel-linux-x86_64-debian-gcc 0.1-5 4.29 30.06 34.35 NOTE
r-devel-linux-x86_64-fedora-clang 0.1-5 60.90 NOTE
r-devel-linux-x86_64-fedora-gcc 0.1-5 53.24 NOTE
r-devel-windows-ix86+x86_64 0.1-5 11.00 55.00 66.00 NOTE
r-patched-linux-x86_64 0.1-5 4.57 36.64 41.21 NOTE
r-patched-solaris-x86 0.1-5 71.20 NOTE
r-release-linux-x86_64 0.1-5 4.72 36.59 41.31 NOTE
r-release-macos-x86_64 0.1-5 NOTE
r-release-windows-ix86+x86_64 0.1-5 11.00 54.00 65.00 NOTE
r-oldrel-macos-x86_64 0.1-5 NOTE
r-oldrel-windows-ix86+x86_64 0.1-5 10.00 58.00 68.00 NOTE

Check Details

Version: 0.1-5
Check: dependencies in R code
Result: NOTE
    Packages in Depends field not imported from:
     'Rmpfr' 'partitions'
     These packages need to be imported from (in the NAMESPACE file)
     for when this namespace is loaded but not attached.
Flavors: r-devel-linux-x86_64-debian-clang, r-devel-linux-x86_64-debian-gcc, r-devel-linux-x86_64-fedora-clang, r-devel-linux-x86_64-fedora-gcc, r-devel-windows-ix86+x86_64, r-patched-linux-x86_64, r-patched-solaris-x86, r-release-linux-x86_64, r-release-macos-x86_64, r-release-windows-ix86+x86_64, r-oldrel-macos-x86_64, r-oldrel-windows-ix86+x86_64

Version: 0.1-5
Check: R code for possible problems
Result: NOTE
    Bell : nways: no visible global function definition for 'setparts'
    Bell: no visible global function definition for 'restrictedparts'
    CalIncLapInt : Deriv: no visible global function definition for 'D'
    CalIncLapInt: no visible global function definition for 'is.whole'
    CalIncLapInt: no visible global function definition for 'mpfr'
    CalIncLapInt: no visible global function definition for 'chooseMpfr'
    derivErfc : Deriv: no visible global function definition for 'D'
    derivErfc : Erfc: no visible global function definition for 'pnorm'
    Undefined global functions or variables:
     D chooseMpfr is.whole mpfr pnorm restrictedparts setparts
    Consider adding
     importFrom("stats", "D", "pnorm")
    to your NAMESPACE file.
Flavors: r-devel-linux-x86_64-debian-clang, r-devel-linux-x86_64-debian-gcc, r-devel-linux-x86_64-fedora-clang, r-devel-linux-x86_64-fedora-gcc, r-devel-windows-ix86+x86_64, r-patched-linux-x86_64, r-patched-solaris-x86, r-release-linux-x86_64, r-release-macos-x86_64, r-release-windows-ix86+x86_64, r-oldrel-macos-x86_64, r-oldrel-windows-ix86+x86_64