CRAN Package Check Results for Package fslr

Last updated on 2020-07-14 03:47:46 CEST.

Flavor Version Tinstall Tcheck Ttotal Status Flags
r-devel-linux-x86_64-debian-clang 2.24.1 9.92 85.63 95.55 OK
r-devel-linux-x86_64-debian-gcc 2.24.1 9.13 66.47 75.60 OK
r-devel-linux-x86_64-fedora-clang 2.24.1 126.33 OK
r-devel-linux-x86_64-fedora-gcc 2.24.1 120.63 OK
r-devel-windows-ix86+x86_64 2.24.1 21.00 135.00 156.00 OK
r-patched-linux-x86_64 2.24.1 10.69 85.37 96.06 OK
r-patched-solaris-x86 2.24.1 156.90 OK
r-release-linux-x86_64 2.24.1 10.17 84.73 94.90 OK
r-release-macos-x86_64 2.24.1 ERROR
r-release-windows-ix86+x86_64 2.24.1 31.00 99.00 130.00 OK
r-oldrel-macos-x86_64 2.24.1 OK
r-oldrel-windows-ix86+x86_64 2.24.1 24.00 130.00 154.00 OK

Check Details

Version: 2.24.1
Check: whether package can be installed
Result: ERROR
    Installation failed.
Flavor: r-release-macos-x86_64