CRAN Package Check Results for Package gMCP

Last updated on 2020-01-26 02:48:49 CET.

Flavor Version Tinstall Tcheck Ttotal Status Flags
r-devel-linux-x86_64-debian-clang 0.8-14 17.07 207.41 224.48 OK
r-devel-linux-x86_64-debian-gcc 0.8-14 15.53 162.24 177.77 OK
r-devel-linux-x86_64-fedora-clang 0.8-14 301.67 OK
r-devel-linux-x86_64-fedora-gcc 0.8-14 289.38 OK
r-devel-windows-ix86+x86_64 0.8-14 57.00 366.00 423.00 OK
r-devel-windows-ix86+x86_64-gcc8 0.8-14 61.00 288.00 349.00 OK
r-patched-linux-x86_64 0.8-14 14.24 190.05 204.29 OK
r-patched-solaris-x86 0.8-14 323.50 OK
r-release-linux-x86_64 0.8-14 16.02 189.40 205.42 OK
r-release-windows-ix86+x86_64 0.8-14 35.00 246.00 281.00 OK
r-release-osx-x86_64 0.8-14 NOTE
r-oldrel-windows-ix86+x86_64 0.8-14 27.00 230.00 257.00 OK
r-oldrel-osx-x86_64 0.8-14 OK

Additional issues

LTO

Check Details

Version: 0.8-14
Check: package dependencies
Result: NOTE
    Packages suggested but not available for checking: 'graph', 'mutoss'
Flavor: r-release-osx-x86_64