CRAN Package Check Results for Package gamm4.test

Last updated on 2020-02-24 02:47:01 CET.

Flavor Version Tinstall Tcheck Ttotal Status Flags
r-devel-linux-x86_64-debian-clang 0.1.0 14.65 120.91 135.56 NOTE
r-devel-linux-x86_64-debian-gcc 0.1.0 NOTE
r-devel-linux-x86_64-fedora-clang 0.1.0 156.58 OK
r-devel-linux-x86_64-fedora-gcc 0.1.0 159.39 OK
r-devel-windows-ix86+x86_64 0.1.0 31.00 120.00 151.00 NOTE
r-devel-windows-ix86+x86_64-gcc8 0.1.0 47.00 176.00 223.00 NOTE
r-patched-linux-x86_64 0.1.0 OK
r-patched-solaris-x86 0.1.0 199.00 OK
r-release-linux-x86_64 0.1.0 12.27 105.38 117.65 OK
r-release-windows-ix86+x86_64 0.1.0 27.00 108.00 135.00 OK
r-release-osx-x86_64 0.1.0 OK
r-oldrel-windows-ix86+x86_64 0.1.0 15.00 123.00 138.00 OK
r-oldrel-osx-x86_64 0.1.0 OK

Check Details

Version: 0.1.0
Check: package vignettes
Result: NOTE
    Package vignette with placeholder title 'Vignette Title':
     'Introduction.Rmd'
Flavors: r-devel-linux-x86_64-debian-clang, r-devel-linux-x86_64-debian-gcc, r-devel-windows-ix86+x86_64, r-devel-windows-ix86+x86_64-gcc8