CRAN Package Check Results for Package gapfill

Last updated on 2019-11-19 14:46:55 CET.

Flavor Version Tinstall Tcheck Ttotal Status Flags
r-devel-linux-x86_64-debian-clang 0.9.6 25.59 115.15 140.74 OK
r-devel-linux-x86_64-debian-gcc 0.9.6 19.07 91.00 110.07 OK
r-devel-linux-x86_64-fedora-clang 0.9.6 163.22 OK
r-devel-linux-x86_64-fedora-gcc 0.9.6 165.86 OK
r-devel-windows-ix86+x86_64 0.9.6 86.00 193.00 279.00 OK
r-devel-windows-ix86+x86_64-gcc8 0.9.6 59.00 173.00 232.00 OK
r-patched-linux-x86_64 0.9.6 20.13 103.83 123.96 OK
r-patched-solaris-x86 0.9.6 220.80 OK
r-release-linux-x86_64 0.9.6 19.08 103.37 122.45 OK
r-release-windows-ix86+x86_64 0.9.6 49.00 163.00 212.00 OK
r-release-osx-x86_64 0.9.6 NOTE
r-oldrel-windows-ix86+x86_64 0.9.6 35.00 168.00 203.00 OK
r-oldrel-osx-x86_64 0.9.6 NOTE

Check Details

Version: 0.9.6
Check: package dependencies
Result: NOTE
    Package which this enhances but not available for checking: ‘doMPI’
Flavors: r-release-osx-x86_64, r-oldrel-osx-x86_64