CRAN Package Check Results for Package gaselect

Last updated on 2020-07-03 15:48:01 CEST.

Flavor Version Tinstall Tcheck Ttotal Status Flags
r-devel-linux-x86_64-debian-clang 1.0.9 168.41 59.54 227.95 OK
r-devel-linux-x86_64-debian-gcc 1.0.9 123.64 43.21 166.85 OK
r-devel-linux-x86_64-fedora-clang 1.0.9 314.53 NOTE
r-devel-linux-x86_64-fedora-gcc 1.0.9 283.11 OK
r-devel-windows-ix86+x86_64 1.0.9 383.00 157.00 540.00 OK
r-patched-linux-x86_64 1.0.9 131.15 61.31 192.46 OK
r-patched-solaris-x86 1.0.9 252.20 OK
r-release-linux-x86_64 1.0.9 124.52 61.09 185.61 OK
r-release-osx-x86_64 1.0.9 OK
r-release-windows-ix86+x86_64 1.0.9 267.00 115.00 382.00 OK
r-oldrel-osx-x86_64 1.0.9 OK
r-oldrel-windows-ix86+x86_64 1.0.9 320.00 151.00 471.00 OK

Check Details

Version: 1.0.9
Check: installed package size
Result: NOTE
     installed size is 5.1Mb
     sub-directories of 1Mb or more:
     libs 4.9Mb
Flavor: r-devel-linux-x86_64-fedora-clang