CRAN Package Check Results for Package gaselect

Last updated on 2019-12-07 14:46:41 CET.

Flavor Version Tinstall Tcheck Ttotal Status Flags
r-devel-linux-x86_64-debian-clang 1.0.7 155.52 58.53 214.05 WARN
r-devel-linux-x86_64-debian-gcc 1.0.7 103.16 43.84 147.00 WARN
r-devel-linux-x86_64-fedora-clang 1.0.7 293.61 WARN
r-devel-linux-x86_64-fedora-gcc 1.0.7 286.95 WARN
r-devel-windows-ix86+x86_64 1.0.7 261.00 152.00 413.00 NOTE
r-devel-windows-ix86+x86_64-gcc8 1.0.7 281.00 129.00 410.00 NOTE
r-patched-linux-x86_64 1.0.7 116.85 58.00 174.85 OK
r-patched-solaris-x86 1.0.7 244.10 OK
r-release-linux-x86_64 1.0.7 117.84 58.96 176.80 OK
r-release-windows-ix86+x86_64 1.0.7 364.00 120.00 484.00 OK
r-release-osx-x86_64 1.0.7 OK
r-oldrel-windows-ix86+x86_64 1.0.7 236.00 142.00 378.00 OK
r-oldrel-osx-x86_64 1.0.7 OK

Additional issues

valgrind

Check Details

Version: 1.0.7
Check: whether package can be installed
Result: WARN
    Found the following significant warnings:
     'config' variable 'CXXCPP' is deprecated
Flavors: r-devel-linux-x86_64-debian-clang, r-devel-linux-x86_64-debian-gcc, r-devel-linux-x86_64-fedora-clang, r-devel-linux-x86_64-fedora-gcc

Version: 1.0.7
Check: use of PKG_*FLAGS in Makefiles
Result: NOTE
     PKG_CFLAGS set in 'src/Makevars.in' without any corresponding files
     PKG_CFLAGS set in 'src/Makevars.win' without any corresponding files
Flavors: r-devel-linux-x86_64-debian-clang, r-devel-linux-x86_64-debian-gcc, r-devel-windows-ix86+x86_64, r-devel-windows-ix86+x86_64-gcc8

Version: 1.0.7
Check: top-level files
Result: NOTE
    ‘cleanup’: /bin/bash is not portable
Flavors: r-devel-linux-x86_64-fedora-clang, r-devel-linux-x86_64-fedora-gcc

Version: 1.0.7
Check: use of PKG_*FLAGS in Makefiles
Result: NOTE
     PKG_CFLAGS set in ‘src/Makevars’ without any corresponding files
     PKG_CFLAGS set in ‘src/Makevars.in’ without any corresponding files
     PKG_CFLAGS set in ‘src/Makevars.win’ without any corresponding files
Flavors: r-devel-linux-x86_64-fedora-clang, r-devel-linux-x86_64-fedora-gcc