CRAN Package Check Results for Package gastempt

Last updated on 2020-05-27 03:48:32 CEST.

Flavor Version Tinstall Tcheck Ttotal Status Flags
r-devel-linux-x86_64-debian-clang 0.5.0 426.09 127.04 553.13 NOTE
r-devel-linux-x86_64-debian-gcc 0.5.0 394.91 110.40 505.31 NOTE
r-devel-linux-x86_64-fedora-clang 0.5.0 759.52 NOTE
r-devel-linux-x86_64-fedora-gcc 0.5.0 863.49 NOTE
r-devel-windows-ix86+x86_64 0.5.0 989.00 309.00 1298.00 NOTE
r-patched-linux-x86_64 0.5.0 0.02 3.18 3.20 ERROR
r-patched-solaris-x86 0.5.0 678.40 NOTE
r-release-linux-x86_64 0.5.0 378.45 140.42 518.87 NOTE
r-release-osx-x86_64 0.5.0 NOTE
r-release-windows-ix86+x86_64 0.5.0 819.00 315.00 1134.00 NOTE
r-oldrel-osx-x86_64 0.5.0 NOTE
r-oldrel-windows-ix86+x86_64 0.5.0 764.00 232.00 996.00 NOTE

Check Details

Version: 0.5.0
Check: for GNU extensions in Makefiles
Result: NOTE
    GNU make is a SystemRequirements.
Flavors: r-devel-linux-x86_64-debian-clang, r-devel-linux-x86_64-debian-gcc, r-devel-linux-x86_64-fedora-clang, r-devel-linux-x86_64-fedora-gcc, r-devel-windows-ix86+x86_64, r-patched-solaris-x86, r-release-linux-x86_64, r-release-osx-x86_64, r-release-windows-ix86+x86_64, r-oldrel-osx-x86_64, r-oldrel-windows-ix86+x86_64

Version: 0.5.0
Check: installed package size
Result: NOTE
     installed size is 77.6Mb
     sub-directories of 1Mb or more:
     libs 77.1Mb
Flavors: r-devel-linux-x86_64-fedora-clang, r-devel-windows-ix86+x86_64, r-release-osx-x86_64, r-release-windows-ix86+x86_64, r-oldrel-osx-x86_64, r-oldrel-windows-ix86+x86_64

Version: 0.5.0
Check: dependencies in R code
Result: NOTE
    Namespace in Imports field not imported from: ‘methods’
     All declared Imports should be used.
Flavors: r-devel-linux-x86_64-fedora-clang, r-devel-linux-x86_64-fedora-gcc, r-patched-solaris-x86, r-release-osx-x86_64, r-oldrel-osx-x86_64

Version: 0.5.0
Check: whether package can be installed
Result: ERROR
    Installation failed.
Flavor: r-patched-linux-x86_64