CRAN Package Check Results for Package gbfs

Last updated on 2020-02-23 02:47:25 CET.

Flavor Version Tinstall Tcheck Ttotal Status Flags
r-devel-linux-x86_64-debian-clang 1.3.2 3.93 48.93 52.86 OK
r-devel-linux-x86_64-debian-gcc 1.3.2 3.35 37.71 41.06 OK
r-devel-linux-x86_64-fedora-clang 1.3.2 65.32 OK
r-devel-linux-x86_64-fedora-gcc 1.3.2 62.26 OK
r-devel-windows-ix86+x86_64 1.3.2 10.00 154.00 164.00 OK
r-devel-windows-ix86+x86_64-gcc8 1.3.2 19.00 177.00 196.00 OK
r-patched-linux-x86_64 1.3.2 OK
r-patched-solaris-x86 1.3.2 73.30 ERROR
r-release-linux-x86_64 1.3.2 3.13 44.12 47.25 OK
r-release-windows-ix86+x86_64 1.3.2 7.00 156.00 163.00 OK
r-release-osx-x86_64 1.3.2 OK
r-oldrel-windows-ix86+x86_64 1.3.2 5.00 155.00 160.00 OK
r-oldrel-osx-x86_64 1.3.2 OK

Check Details

Version: 1.3.2
Check: tests
Result: ERROR
     Running ‘testthat.R’ [0m/13m]
    Running the tests in ‘tests/testthat.R’ failed.
    Complete output:
     > library(testthat)
     > library(gbfs)
     >
     > test_check("gbfs")
     ── 1. Error: (unknown) (@test-wrapper.R#7) ────────────────────────────────────
     Timeout was reached: [biketownpdx.socialbicycles.com] Resolving timed out after 10000 milliseconds
     Backtrace:
     1. gbfs::get_gbfs("portland")
     4. purrr::map2(...)
     5. gbfs:::.f(.x[[i]], .y[[i]], ...)
     6. jsonlite::fromJSON(txt = url)
     7. jsonlite:::parse_and_simplify(...)
     8. jsonlite:::parseJSON(txt, bigint_as_char)
     9. jsonlite:::parse_con(txt, bigint_as_char)
     11. base::open.connection(con, "rb")
    
     ══ testthat results ═══════════════════════════════════════════════════════════
     [ OK: 25 | SKIPPED: 1 | WARNINGS: 0 | FAILED: 1 ]
     1. Error: (unknown) (@test-wrapper.R#7)
    
     Error: testthat unit tests failed
     Execution halted
Flavor: r-patched-solaris-x86