CRAN Package Check Results for Package gdns

Last updated on 2020-07-07 03:47:51 CEST.

Flavor Version Tinstall Tcheck Ttotal Status Flags
r-devel-linux-x86_64-debian-clang 0.5.0 2.48 26.08 28.56 OK
r-devel-linux-x86_64-debian-gcc 0.5.0 2.14 21.04 23.18 OK
r-devel-linux-x86_64-fedora-clang 0.5.0 42.95 NOTE
r-devel-linux-x86_64-fedora-gcc 0.5.0 33.88 NOTE
r-devel-windows-ix86+x86_64 0.5.0 6.00 42.00 48.00 OK
r-patched-linux-x86_64 0.5.0 2.66 26.04 28.70 OK
r-patched-solaris-x86 0.5.0 53.90 NOTE
r-release-linux-x86_64 0.5.0 2.54 25.93 28.47 OK
r-release-osx-x86_64 0.5.0 NOTE
r-release-windows-ix86+x86_64 0.5.0 6.00 58.00 64.00 OK
r-oldrel-osx-x86_64 0.5.0 NOTE
r-oldrel-windows-ix86+x86_64 0.5.0 6.00 75.00 81.00 OK

Check Details

Version: 0.5.0
Check: data for non-ASCII characters
Result: NOTE
     Note: found 1 marked UTF-8 string
Flavors: r-devel-linux-x86_64-fedora-clang, r-devel-linux-x86_64-fedora-gcc, r-patched-solaris-x86, r-release-osx-x86_64, r-oldrel-osx-x86_64