CRAN Package Check Results for Package gdns

Last updated on 2019-12-15 02:48:09 CET.

Flavor Version Tinstall Tcheck Ttotal Status Flags
r-devel-linux-x86_64-debian-clang 0.3.1 2.10 25.66 27.76 OK
r-devel-linux-x86_64-debian-gcc 0.3.1 1.84 21.00 22.84 OK
r-devel-linux-x86_64-fedora-clang 0.3.1 34.54 NOTE
r-devel-linux-x86_64-fedora-gcc 0.3.1 35.69 NOTE
r-devel-windows-ix86+x86_64 0.3.1 6.00 66.00 72.00 OK
r-devel-windows-ix86+x86_64-gcc8 0.3.1 6.00 52.00 58.00 OK
r-patched-linux-x86_64 0.3.1 1.69 24.04 25.73 OK
r-patched-solaris-x86 0.3.1 59.50 NOTE
r-release-linux-x86_64 0.3.1 1.77 24.06 25.83 OK
r-release-windows-ix86+x86_64 0.3.1 5.00 36.00 41.00 OK
r-release-osx-x86_64 0.3.1 NOTE
r-oldrel-windows-ix86+x86_64 0.3.1 3.00 45.00 48.00 OK
r-oldrel-osx-x86_64 0.3.1 NOTE

Check Details

Version: 0.3.1
Check: data for non-ASCII characters
Result: NOTE
     Note: found 1 marked UTF-8 string
Flavors: r-devel-linux-x86_64-fedora-clang, r-devel-linux-x86_64-fedora-gcc, r-patched-solaris-x86, r-release-osx-x86_64, r-oldrel-osx-x86_64