CRAN Package Check Results for Package geex

Last updated on 2020-09-29 15:47:34 CEST.

Flavor Version Tinstall Tcheck Ttotal Status Flags
r-devel-linux-x86_64-debian-clang 1.0.12 5.08 334.97 340.05 OK
r-devel-linux-x86_64-debian-gcc 1.0.12 3.74 234.99 238.73 OK
r-devel-linux-x86_64-fedora-clang 1.0.12 374.80 NOTE
r-devel-linux-x86_64-fedora-gcc 1.0.12 376.84 NOTE
r-devel-windows-ix86+x86_64 1.0.12 14.00 362.00 376.00 OK
r-patched-linux-x86_64 1.0.12 3.98 307.56 311.54 OK
r-patched-solaris-x86 1.0.12 410.30 NOTE
r-release-linux-x86_64 1.0.12 4.63 308.14 312.77 OK
r-release-macos-x86_64 1.0.12 NOTE
r-release-windows-ix86+x86_64 1.0.12 12.00 397.00 409.00 OK
r-oldrel-macos-x86_64 1.0.12 NOTE
r-oldrel-windows-ix86+x86_64 1.0.12 10.00 370.00 380.00 OK

Check Details

Version: 1.0.12
Check: dependencies in R code
Result: NOTE
    Namespace in Imports field not imported from: ‘rootSolve’
     All declared Imports should be used.
Flavors: r-devel-linux-x86_64-fedora-clang, r-devel-linux-x86_64-fedora-gcc, r-patched-solaris-x86, r-release-macos-x86_64, r-oldrel-macos-x86_64