CRAN Package Check Results for Package gencve

Last updated on 2020-07-14 03:47:47 CEST.

Flavor Version Tinstall Tcheck Ttotal Status Flags
r-devel-linux-x86_64-debian-clang 0.3 9.60 81.27 90.87 OK
r-devel-linux-x86_64-debian-gcc 0.3 7.61 63.04 70.65 OK
r-devel-linux-x86_64-fedora-clang 0.3 118.44 OK
r-devel-linux-x86_64-fedora-gcc 0.3 116.69 OK
r-devel-windows-ix86+x86_64 0.3 21.00 143.00 164.00 OK
r-patched-linux-x86_64 0.3 9.11 81.37 90.48 OK
r-patched-solaris-x86 0.3 164.80 OK
r-release-linux-x86_64 0.3 9.61 80.12 89.73 OK
r-release-macos-x86_64 0.3 ERROR
r-release-windows-ix86+x86_64 0.3 35.00 96.00 131.00 OK
r-oldrel-macos-x86_64 0.3 OK
r-oldrel-windows-ix86+x86_64 0.3 21.00 120.00 141.00 OK

Check Details

Version: 0.3
Check: whether package can be installed
Result: ERROR
    Installation failed.
Flavor: r-release-macos-x86_64